{"id":24444,"date":"2026-05-13T17:12:01","date_gmt":"2026-05-13T17:12:01","guid":{"rendered":"https:\/\/mooncraft.com.pl\/?post_type=product&#038;p=24444"},"modified":"2026-05-13T17:12:37","modified_gmt":"2026-05-13T17:12:37","slug":"baffidi-chrupsterki-dla-psa-jagniecina-90g","status":"publish","type":"product","link":"https:\/\/mooncraft.com.pl\/?product=baffidi-chrupsterki-dla-psa-jagniecina-90g","title":{"rendered":"BAFFIDI &#8211; ChrupSterki dla psa &#8211; jagni\u0119cina 90g"},"content":{"rendered":"<p data-start=\"561\" data-end=\"598\">Dzi\u0119ki por\u0119cznej formie s\u0105 idealne:<\/p>\n<ul data-start=\"599\" data-end=\"710\">\n<li data-start=\"599\" data-end=\"637\">podczas\u00a0<b><strong data-start=\"609\" data-end=\"634\">codziennych trening\u00f3w<\/strong><\/b>,<\/li>\n<li data-start=\"638\" data-end=\"659\">na\u00a0<b><strong data-start=\"643\" data-end=\"656\">spacerach<\/strong><\/b>,<\/li>\n<li data-start=\"660\" data-end=\"710\">jako\u00a0<b><strong data-start=\"667\" data-end=\"694\">szybka i zdrowa nagroda<\/strong><\/b>\u00a0w ci\u0105gu dnia.<\/li>\n<\/ul>\n<p data-start=\"712\" data-end=\"831\">Ka\u017cda kosteczka to lekka, warto\u015bciowa porcja energii i sk\u0142adnik\u00f3w od\u017cywczych, kt\u00f3re wspieraj\u0105 zdrowie i kondycj\u0119 psa.<\/p>\n<p data-start=\"712\" data-end=\"831\">\n<h2 data-start=\"669\" data-end=\"727\"><b><strong data-start=\"675\" data-end=\"725\">Dlaczego warto kupi\u0107 ChrupSterki z jagni\u0119cin\u0105?<\/strong><\/b><\/h2>\n<p data-start=\"729\" data-end=\"1406\">\u2705\u00a0<b><strong data-start=\"731\" data-end=\"754\">Lekkostrawne bia\u0142ko<\/strong><\/b>\u00a0\u2013 wspiera budow\u0119 mi\u0119\u015bni i regeneracj\u0119 organizmu.<br data-start=\"803\" data-end=\"806\" \/>\u2705\u00a0<b><strong data-start=\"808\" data-end=\"833\">Cynk, fosfor i \u017celazo<\/strong><\/b>\u00a0\u2013 dla mocnych ko\u015bci i prawid\u0142owej pracy uk\u0142adu kr\u0105\u017cenia.<br data-start=\"890\" data-end=\"893\" \/>\u2705\u00a0<b><strong data-start=\"895\" data-end=\"921\">Witaminy A i z grupy B<\/strong><\/b>\u00a0\u2013 zdrowa sier\u015b\u0107, mocna sk\u00f3ra i prawid\u0142owy proces widzenia.<br data-start=\"980\" data-end=\"983\" \/>\u2705\u00a0<b><strong data-start=\"985\" data-end=\"1007\">Kwas orotowy (B13)<\/strong><\/b>\u00a0\u2013 naturalna ochrona przed rozwojem nowotwor\u00f3w.<br data-start=\"1054\" data-end=\"1057\" \/>\u2705\u00a0<b><strong data-start=\"1059\" data-end=\"1083\">Obecno\u015b\u0107 L-karnityny<\/strong><\/b>\u00a0\u2013 wspiera utrzymanie prawid\u0142owej masy cia\u0142a.<br data-start=\"1128\" data-end=\"1131\" \/>\u2705\u00a0<b><strong data-start=\"1133\" data-end=\"1159\">Monobia\u0142kowa receptura<\/strong><\/b>\u00a0\u2013 bezpieczna dla ps\u00f3w alergik\u00f3w i wra\u017cliwych.<br data-start=\"1205\" data-end=\"1208\" \/>\u2705\u00a0<b><strong data-start=\"1210\" data-end=\"1253\">Niska zawarto\u015b\u0107 t\u0142uszczu i cholesterolu<\/strong><\/b>\u00a0\u2013 idealne tak\u017ce dla ps\u00f3w z nadwag\u0105, chorobami serca czy trzustki.<br data-start=\"1319\" data-end=\"1322\" \/>\u2705\u00a0<b><strong data-start=\"1324\" data-end=\"1358\">Wygodna forma ma\u0142ych kosteczek<\/strong><\/b>\u00a0\u2013 zawsze pod r\u0119k\u0105 podczas spaceru i treningu.<\/p>\n<h2 data-start=\"689\" data-end=\"743\"><\/h2>\n<h2 data-start=\"1413\" data-end=\"1463\"><b><strong data-start=\"1419\" data-end=\"1461\">Korzy\u015bci mi\u0119sa jagni\u0119cego w diecie psa<\/strong><\/b><\/h2>\n<ul data-start=\"1465\" data-end=\"1738\">\n<li data-start=\"1465\" data-end=\"1521\">buduje\u00a0<b><strong data-start=\"1474\" data-end=\"1494\">tkank\u0119 mi\u0119\u015bniow\u0105<\/strong><\/b>\u00a0i wspiera zdrowy rozw\u00f3j,<\/li>\n<li data-start=\"1522\" data-end=\"1566\">wzmacnia\u00a0<b><strong data-start=\"1533\" data-end=\"1563\">odporno\u015b\u0107 i uk\u0142ad kr\u0105\u017cenia<\/strong><\/b>,<\/li>\n<li data-start=\"1567\" data-end=\"1615\">wspiera\u00a0<b><strong data-start=\"1577\" data-end=\"1612\">zdrowie sk\u00f3ry, sier\u015bci i wzroku<\/strong><\/b>,<\/li>\n<li data-start=\"1616\" data-end=\"1667\">pomaga w utrzymaniu\u00a0<b><strong data-start=\"1638\" data-end=\"1664\">prawid\u0142owej masy cia\u0142a<\/strong><\/b>,<\/li>\n<li data-start=\"1668\" data-end=\"1738\">odpowiednie dla ps\u00f3w\u00a0<b><strong data-start=\"1691\" data-end=\"1735\">z alergi\u0105 i wra\u017cliwym uk\u0142adem pokarmowym<\/strong><\/b>.<\/li>\n<\/ul>\n<h2 data-start=\"1319\" data-end=\"1367\"><\/h2>\n<h1 data-start=\"1960\" data-end=\"2033\"><b><strong data-start=\"1962\" data-end=\"2031\">Dlaczego Tw\u00f3j pies pokocha ChrupSterki od BaffiDi<\/strong><\/b><\/h1>\n<p data-start=\"891\" data-end=\"1313\">\u2705\u00a0<b><strong data-start=\"893\" data-end=\"927\">Ma\u0142e kosteczki \u2013 wielka rado\u015b\u0107<\/strong><\/b>\u00a0\u2013 idealne do nagradzania w ka\u017cdej chwili.<br data-start=\"969\" data-end=\"972\" \/>\u2705\u00a0<b><strong data-start=\"974\" data-end=\"993\">Naturalny sk\u0142ad<\/strong><\/b>\u00a0\u2013 bez sztucznych dodatk\u00f3w i konserwant\u00f3w.<br data-start=\"1035\" data-end=\"1038\" \/>\u2705\u00a0<b><strong data-start=\"1040\" data-end=\"1062\">Wysoka smakowito\u015b\u0107<\/strong><\/b>\u00a0\u2013 psy uwielbiaj\u0105 ich intensywny aromat.<br data-start=\"1102\" data-end=\"1105\" \/>\u2705\u00a0<b><strong data-start=\"1107\" data-end=\"1129\">\u015awie\u017co\u015b\u0107 na d\u0142u\u017cej<\/strong><\/b>\u00a0\u2013 szczelne opakowanie utrzymuje mi\u0119kko\u015b\u0107 i zapach przysmak\u00f3w.<br data-start=\"1191\" data-end=\"1194\" \/>\u2705\u00a0<b><strong data-start=\"1196\" data-end=\"1216\">Wsparcie zdrowia<\/strong><\/b>\u00a0\u2013 lekkostrawne, niskot\u0142uszczowe, odpowiednie tak\u017ce dla ps\u00f3w z nadwag\u0105 czy wra\u017cliwym \u017co\u0142\u0105dkiem.<\/p>\n<p data-start=\"615\" data-end=\"1126\">\n<h1 data-start=\"1745\" data-end=\"1813\"><b><strong data-start=\"1749\" data-end=\"1811\">ChrupSterki z jagni\u0119cin\u0105 \u2013 zdrowa motywacja na ka\u017cdy dzie\u0144<\/strong><\/b><\/h1>\n<p data-start=\"1815\" data-end=\"1997\">Trening, spacer czy szybka nagroda?<br data-start=\"1850\" data-end=\"1853\" \/><b><strong data-start=\"1853\" data-end=\"1879\">ChrupSterki od BaffiDi<\/strong><\/b>\u00a0to naturalna, lekkostrawna przek\u0105ska, kt\u00f3ra \u0142\u0105czy wyj\u0105tkowy smak jagni\u0119ciny z porcj\u0105 cennych sk\u0142adnik\u00f3w od\u017cywczych.<\/p>\n<p data-start=\"1999\" data-end=\"2084\">Podaruj swojemu psu\u00a0<b><strong data-start=\"2022\" data-end=\"2037\">smak natury<\/strong><\/b>\u00a0i spraw, by ka\u017cdy trening by\u0142 przyjemno\u015bci\u0105!<\/p>\n<h1 data-start=\"1722\" data-end=\"1791\"><\/h1>\n<p><b><strong>Sk\u0142ad:<\/strong><\/b><\/p>\n<p>Jagni\u0119cina 92% (Mi\u0119so 50%, Podroby, chrz\u0105stki, ko\u015bci 42%), Gliceryna 4%, Skrobia ziemniaczana 4%<\/p>\n<p>&nbsp;<\/p>\n<p><b><strong>Analiza chemiczna:<\/strong><\/b><\/p>\n<p>bia\u0142ko \u2013 42,8%, t\u0142uszcz \u2013 22,7%, w\u0142\u00f3kno surowe \u2013 4,6%, popi\u00f3\u0142 \u2013 16,2%, wilgotno\u015b\u0107 \u2013 9,5%<\/p>\n","protected":false},"excerpt":{"rendered":"<p style=\"font-weight: 400;\"><b><strong data-start=\"60\" data-end=\"98\">ChrupSterki\u00a0z jagni\u0119cin\u0105\u00a0od BaffiDi \u2013 Naturalne przysmaki treningowe dla psa\u00a0\u2013 Ma\u0142e kosteczki \u2013 wielka rado\u015b\u0107!<\/strong><\/b><\/p>\n<p style=\"font-weight: 400;\" data-start=\"331\" data-end=\"573\">Chcesz, aby trening Twojego psa by\u0142 jednocze\u015bnie\u00a0<b><strong data-start=\"380\" data-end=\"409\">skuteczny i pe\u0142en rado\u015bci<\/strong><\/b>?\u00a0<b><strong data-start=\"413\" data-end=\"450\">ChrupSterki\u00a0z jagni\u0119cin\u0105\u00a0od BaffiDi<\/strong><\/b>\u00a0to w 100% naturalne, aromatyczne trenerki w formie ma\u0142ych kosteczek.\u00a0Ich delikatny smak i wysoka warto\u015b\u0107 od\u017cywcza sprawiaj\u0105, \u017ce pokocha je nawet najbardziej wybredny pies!<\/p>\n","protected":false},"featured_media":24434,"template":"","meta":{"site-sidebar-layout":"default","site-content-layout":"","ast-site-content-layout":"default","site-content-style":"default","site-sidebar-style":"default","ast-global-header-display":"","ast-banner-title-visibility":"","ast-main-header-display":"","ast-hfb-above-header-display":"","ast-hfb-below-header-display":"","ast-hfb-mobile-header-display":"","site-post-title":"","ast-breadcrumbs-content":"","ast-featured-img":"","footer-sml-layout":"","ast-disable-related-posts":"","theme-transparent-header-meta":"default","adv-header-id-meta":"","stick-header-meta":"","header-above-stick-meta":"","header-main-stick-meta":"","header-below-stick-meta":"","astra-migrate-meta-layouts":"set","ast-page-background-enabled":"default","ast-page-background-meta":{"desktop":{"background-color":"","background-image":"","background-repeat":"repeat","background-position":"center center","background-size":"auto","background-attachment":"scroll","background-type":"","background-media":"","overlay-type":"","overlay-color":"","overlay-opacity":"","overlay-gradient":""},"tablet":{"background-color":"","background-image":"","background-repeat":"repeat","background-position":"center center","background-size":"auto","background-attachment":"scroll","background-type":"","background-media":"","overlay-type":"","overlay-color":"","overlay-opacity":"","overlay-gradient":""},"mobile":{"background-color":"","background-image":"","background-repeat":"repeat","background-position":"center center","background-size":"auto","background-attachment":"scroll","background-type":"","background-media":"","overlay-type":"","overlay-color":"","overlay-opacity":"","overlay-gradient":""}},"ast-content-background-meta":{"desktop":{"background-color":"var(--ast-global-color-5)","background-image":"","background-repeat":"repeat","background-position":"center center","background-size":"auto","background-attachment":"scroll","background-type":"","background-media":"","overlay-type":"","overlay-color":"","overlay-opacity":"","overlay-gradient":""},"tablet":{"background-color":"var(--ast-global-color-5)","background-image":"","background-repeat":"repeat","background-position":"center center","background-size":"auto","background-attachment":"scroll","background-type":"","background-media":"","overlay-type":"","overlay-color":"","overlay-opacity":"","overlay-gradient":""},"mobile":{"background-color":"var(--ast-global-color-5)","background-image":"","background-repeat":"repeat","background-position":"center center","background-size":"auto","background-attachment":"scroll","background-type":"","background-media":"","overlay-type":"","overlay-color":"","overlay-opacity":"","overlay-gradient":""}}},"product_brand":[],"product_cat":[85,159,170],"product_tag":[],"class_list":{"0":"post-24444","1":"product","2":"type-product","3":"status-publish","4":"has-post-thumbnail","6":"product_cat-dlapsa","7":"product_cat-smakolyki","8":"product_cat-przysmaki","9":"desktop-align-left","10":"tablet-align-left","11":"mobile-align-left","13":"first","14":"instock","15":"taxable","16":"shipping-taxable","17":"purchasable","18":"product-type-simple"},"jetpack_sharing_enabled":true,"_links":{"self":[{"href":"https:\/\/mooncraft.com.pl\/index.php?rest_route=\/wp\/v2\/product\/24444","targetHints":{"allow":["GET"]}}],"collection":[{"href":"https:\/\/mooncraft.com.pl\/index.php?rest_route=\/wp\/v2\/product"}],"about":[{"href":"https:\/\/mooncraft.com.pl\/index.php?rest_route=\/wp\/v2\/types\/product"}],"wp:featuredmedia":[{"embeddable":true,"href":"https:\/\/mooncraft.com.pl\/index.php?rest_route=\/wp\/v2\/media\/24434"}],"wp:attachment":[{"href":"https:\/\/mooncraft.com.pl\/index.php?rest_route=%2Fwp%2Fv2%2Fmedia&parent=24444"}],"wp:term":[{"taxonomy":"product_brand","embeddable":true,"href":"https:\/\/mooncraft.com.pl\/index.php?rest_route=%2Fwp%2Fv2%2Fproduct_brand&post=24444"},{"taxonomy":"product_cat","embeddable":true,"href":"https:\/\/mooncraft.com.pl\/index.php?rest_route=%2Fwp%2Fv2%2Fproduct_cat&post=24444"},{"taxonomy":"product_tag","embeddable":true,"href":"https:\/\/mooncraft.com.pl\/index.php?rest_route=%2Fwp%2Fv2%2Fproduct_tag&post=24444"}],"curies":[{"name":"wp","href":"https:\/\/api.w.org\/{rel}","templated":true}]}}