{"id":22686,"date":"2025-12-16T18:34:20","date_gmt":"2025-12-16T18:34:20","guid":{"rendered":"https:\/\/mooncraft.com.pl\/?post_type=product&#038;p=22686"},"modified":"2025-12-16T18:42:49","modified_gmt":"2025-12-16T18:42:49","slug":"meatstuff-skora-wolowa-15-cm-doypack-250-g","status":"publish","type":"product","link":"https:\/\/mooncraft.com.pl\/?product=meatstuff-skora-wolowa-15-cm-doypack-250-g","title":{"rendered":"MEATSTUFF &#8211; Sk\u00f3ra barania 15 cm (doypack 100 g)"},"content":{"rendered":"<p>Sk\u00f3ra barania to twardy, \u015brednio t\u0142usty i rzadko uczulaj\u0105cy gryzak. Polecany dla ps\u00f3w z alergi\u0105 pokarmow\u0105 oraz dla ps\u00f3w z wra\u017cliwym uk\u0142adem pokarmowym. Gryzak ten, dzi\u0119ki swojej strukturze jest r\u00f3wnie\u017c polecany dla ps\u00f3w z bardzo siln\u0105 potrzeb\u0105 gryzienia oraz wspomo\u017ce oczyszczenie z\u0119b\u00f3w i dzi\u0105se\u0142.<\/p>\n<p>Sk\u00f3ry to gryzaki nadaj\u0105ce si\u0119 dla ps\u00f3w ka\u017cdej wielko\u015bci, s\u0105 zaliczane do grupy najwytrzymalszych i najtwardszych oraz najmniej uci\u0105\u017cliwych dla w\u0142a\u015bciciela ze wzgl\u0119du na ma\u0142o intensywny zapach. Doskonale zaspokoj\u0105 potrzeb\u0119 gryzienia, \u017cucia, masuj\u0105 dzi\u0105s\u0142a i wspomagaj\u0105 usuwanie kamienia naz\u0119bnego. S\u0105 w miar\u0119 bezpiecznym gryzakiem dla ps\u00f3w, poniewa\u017c nie \u0142ami\u0105 si\u0119, a nawet w przypadku po\u0142kni\u0119cia wi\u0119kszego kawa\u0142ka, pies poradzi sobie z jego strawieniem.<\/p>\n<p>Sk\u0142ad: 100% sk\u00f3ra barania<\/p>\n<p>Sk\u0142adniki analityczne:<br \/>\nBia\u0142ko surowe 18,2%<br \/>\nT\u0142uszcz surowy 29,9%<br \/>\nWilgotno\u015b\u0107 9,8%<\/p>\n","protected":false},"excerpt":{"rendered":"<p><strong>Gryzaki Meat Stuff s\u0105\u00a0<\/strong>produkowane w Polsce. W 100% ze \u015bwie\u017cego i naturalnego mi\u0119sa, bez barwnik\u00f3w, bez gliceryny, bez konserwant\u00f3w<\/p>\n<p>&nbsp;<\/p>\n","protected":false},"featured_media":22688,"template":"","meta":{"site-sidebar-layout":"default","site-content-layout":"","ast-site-content-layout":"default","site-content-style":"default","site-sidebar-style":"default","ast-global-header-display":"","ast-banner-title-visibility":"","ast-main-header-display":"","ast-hfb-above-header-display":"","ast-hfb-below-header-display":"","ast-hfb-mobile-header-display":"","site-post-title":"","ast-breadcrumbs-content":"","ast-featured-img":"","footer-sml-layout":"","ast-disable-related-posts":"","theme-transparent-header-meta":"default","adv-header-id-meta":"","stick-header-meta":"","header-above-stick-meta":"","header-main-stick-meta":"","header-below-stick-meta":"","astra-migrate-meta-layouts":"set","ast-page-background-enabled":"default","ast-page-background-meta":{"desktop":{"background-color":"","background-image":"","background-repeat":"repeat","background-position":"center center","background-size":"auto","background-attachment":"scroll","background-type":"","background-media":"","overlay-type":"","overlay-color":"","overlay-opacity":"","overlay-gradient":""},"tablet":{"background-color":"","background-image":"","background-repeat":"repeat","background-position":"center center","background-size":"auto","background-attachment":"scroll","background-type":"","background-media":"","overlay-type":"","overlay-color":"","overlay-opacity":"","overlay-gradient":""},"mobile":{"background-color":"","background-image":"","background-repeat":"repeat","background-position":"center center","background-size":"auto","background-attachment":"scroll","background-type":"","background-media":"","overlay-type":"","overlay-color":"","overlay-opacity":"","overlay-gradient":""}},"ast-content-background-meta":{"desktop":{"background-color":"var(--ast-global-color-5)","background-image":"","background-repeat":"repeat","background-position":"center center","background-size":"auto","background-attachment":"scroll","background-type":"","background-media":"","overlay-type":"","overlay-color":"","overlay-opacity":"","overlay-gradient":""},"tablet":{"background-color":"var(--ast-global-color-5)","background-image":"","background-repeat":"repeat","background-position":"center center","background-size":"auto","background-attachment":"scroll","background-type":"","background-media":"","overlay-type":"","overlay-color":"","overlay-opacity":"","overlay-gradient":""},"mobile":{"background-color":"var(--ast-global-color-5)","background-image":"","background-repeat":"repeat","background-position":"center center","background-size":"auto","background-attachment":"scroll","background-type":"","background-media":"","overlay-type":"","overlay-color":"","overlay-opacity":"","overlay-gradient":""}}},"product_brand":[],"product_cat":[85,159,169],"product_tag":[],"class_list":{"0":"post-22686","1":"product","2":"type-product","3":"status-publish","4":"has-post-thumbnail","6":"product_cat-dlapsa","7":"product_cat-smakolyki","8":"product_cat-gryzaki","9":"desktop-align-left","10":"tablet-align-left","11":"mobile-align-left","13":"first","14":"instock","15":"taxable","16":"shipping-taxable","17":"purchasable","18":"product-type-simple"},"jetpack_sharing_enabled":true,"_links":{"self":[{"href":"https:\/\/mooncraft.com.pl\/index.php?rest_route=\/wp\/v2\/product\/22686","targetHints":{"allow":["GET"]}}],"collection":[{"href":"https:\/\/mooncraft.com.pl\/index.php?rest_route=\/wp\/v2\/product"}],"about":[{"href":"https:\/\/mooncraft.com.pl\/index.php?rest_route=\/wp\/v2\/types\/product"}],"wp:featuredmedia":[{"embeddable":true,"href":"https:\/\/mooncraft.com.pl\/index.php?rest_route=\/wp\/v2\/media\/22688"}],"wp:attachment":[{"href":"https:\/\/mooncraft.com.pl\/index.php?rest_route=%2Fwp%2Fv2%2Fmedia&parent=22686"}],"wp:term":[{"taxonomy":"product_brand","embeddable":true,"href":"https:\/\/mooncraft.com.pl\/index.php?rest_route=%2Fwp%2Fv2%2Fproduct_brand&post=22686"},{"taxonomy":"product_cat","embeddable":true,"href":"https:\/\/mooncraft.com.pl\/index.php?rest_route=%2Fwp%2Fv2%2Fproduct_cat&post=22686"},{"taxonomy":"product_tag","embeddable":true,"href":"https:\/\/mooncraft.com.pl\/index.php?rest_route=%2Fwp%2Fv2%2Fproduct_tag&post=22686"}],"curies":[{"name":"wp","href":"https:\/\/api.w.org\/{rel}","templated":true}]}}