{"id":21378,"date":"2025-10-09T16:00:34","date_gmt":"2025-10-09T16:00:34","guid":{"rendered":"https:\/\/mooncraft.com.pl\/?post_type=product&#038;p=21378"},"modified":"2026-03-01T15:36:31","modified_gmt":"2026-03-01T15:36:31","slug":"poowor-na-woreczki-sloneczniki","status":"publish","type":"product","link":"https:\/\/mooncraft.com.pl\/?product=poowor-na-woreczki-sloneczniki","title":{"rendered":"Poow\u00f3r (na woreczki) s\u0142oneczniki"},"content":{"rendered":"<p><strong>Idealny ma\u0142y pokrowiec na woreczki do sprz\u0105tania po psiaku o wdzi\u0119cznej nazwie POOW\u00d3R !<\/strong><\/p>\n<div dir=\"auto\" style=\"--bdt-inverse: initial;font-family\"><\/div>\n<div dir=\"auto\" style=\"--bdt-inverse: initial;font-family\">Produkt dost\u0119pny od r\u0119ki: wysy\u0142ka 1-3dni roboczych od zaksi\u0119gowania wp\u0142aty.<\/div>\n<div dir=\"auto\" style=\"--bdt-inverse: initial;margin-bottom: 1em;font-family\">Produkt na zam\u00f3wienie: wysy\u0142ka do 14 dni od zaksi\u0119gowania wp\u0142aty.<\/div>\n","protected":false},"excerpt":{"rendered":"<p>Poow\u00f3r mie\u015bci rulon work\u00f3w do sprz\u0105tania po psiaku<\/p>\n<div class=\"woocommerce-tabs wc-tabs-wrapper\" style=\"--bdt-inverse: initial;clear: both;padding-top: 2em;margin-bottom: 4em;width: 348.09375px;display: block\">\n<div class=\"woocommerce-Tabs-panel woocommerce-Tabs-panel--description panel entry-content wc-tab\" id=\"tab-description\" role=\"tabpanel\" aria-labelledby=\"tab-title-description\" style=\"--bdt-inverse: initial;margin: 0px 0px 1.2em;padding: 0px\">\n<p style=\"--bdt-inverse: initial;border: 0px;font-size: 14.591999px;font-style: inherit;font-weight: inherit;margin: 0px 0px 1em;padding: 0px;vertical-align: baseline\">na p\u0142asko ma wymiar 10,5cm x 6cm<\/p>\n<p style=\"--bdt-inverse: initial;border: 0px;font-size: 14.591999px;font-style: inherit;font-weight: inherit;margin: 0px 0px 1em;padding: 0px;vertical-align: baseline\">karabi\u0144czyk do przyczepienia go do smyczy (smycze Moon Craft maj\u0105 przy r\u0105czce p\u00f3\u0142kole do przyczepienia)<\/p>\n<p style=\"--bdt-inverse: initial;border: 0px;font-size: 14.591999px;font-style: inherit;font-weight: inherit;margin: 0px 0px 1em;padding: 0px;vertical-align: baseline\">zapinany na zamek<\/p>\n<p style=\"--bdt-inverse: initial;border: 0px;font-size: 14.591999px;font-style: inherit;font-weight: inherit;margin: 0px 0px 1em;padding: 0px;vertical-align: baseline\">gumowy wygodny otw\u00f3r do wyci\u0105gania woreczk\u00f3w<\/p>\n<p style=\"--bdt-inverse: initial;border: 0px;font-size: 14.591999px;font-style: inherit;font-weight: inherit;margin: 0px;padding: 0px;vertical-align: baseline\">malutkie, lekkie i wygodne<\/p>\n<\/div>\n<\/div>\n","protected":false},"featured_media":21381,"template":"","meta":{"site-sidebar-layout":"default","site-content-layout":"","ast-site-content-layout":"default","site-content-style":"default","site-sidebar-style":"default","ast-global-header-display":"","ast-banner-title-visibility":"","ast-main-header-display":"","ast-hfb-above-header-display":"","ast-hfb-below-header-display":"","ast-hfb-mobile-header-display":"","site-post-title":"","ast-breadcrumbs-content":"","ast-featured-img":"","footer-sml-layout":"","ast-disable-related-posts":"","theme-transparent-header-meta":"default","adv-header-id-meta":"","stick-header-meta":"","header-above-stick-meta":"","header-main-stick-meta":"","header-below-stick-meta":"","astra-migrate-meta-layouts":"set","ast-page-background-enabled":"default","ast-page-background-meta":{"desktop":{"background-color":"","background-image":"","background-repeat":"repeat","background-position":"center center","background-size":"auto","background-attachment":"scroll","background-type":"","background-media":"","overlay-type":"","overlay-color":"","overlay-opacity":"","overlay-gradient":""},"tablet":{"background-color":"","background-image":"","background-repeat":"repeat","background-position":"center center","background-size":"auto","background-attachment":"scroll","background-type":"","background-media":"","overlay-type":"","overlay-color":"","overlay-opacity":"","overlay-gradient":""},"mobile":{"background-color":"","background-image":"","background-repeat":"repeat","background-position":"center center","background-size":"auto","background-attachment":"scroll","background-type":"","background-media":"","overlay-type":"","overlay-color":"","overlay-opacity":"","overlay-gradient":""}},"ast-content-background-meta":{"desktop":{"background-color":"var(--ast-global-color-5)","background-image":"","background-repeat":"repeat","background-position":"center center","background-size":"auto","background-attachment":"scroll","background-type":"","background-media":"","overlay-type":"","overlay-color":"","overlay-opacity":"","overlay-gradient":""},"tablet":{"background-color":"var(--ast-global-color-5)","background-image":"","background-repeat":"repeat","background-position":"center center","background-size":"auto","background-attachment":"scroll","background-type":"","background-media":"","overlay-type":"","overlay-color":"","overlay-opacity":"","overlay-gradient":""},"mobile":{"background-color":"var(--ast-global-color-5)","background-image":"","background-repeat":"repeat","background-position":"center center","background-size":"auto","background-attachment":"scroll","background-type":"","background-media":"","overlay-type":"","overlay-color":"","overlay-opacity":"","overlay-gradient":""}}},"product_brand":[],"product_cat":[97],"product_tag":[],"class_list":{"0":"post-21378","1":"product","2":"type-product","3":"status-publish","4":"has-post-thumbnail","6":"product_cat-poowory","7":"desktop-align-left","8":"tablet-align-left","9":"mobile-align-left","11":"first","12":"onbackorder","13":"taxable","14":"shipping-taxable","15":"purchasable","16":"product-type-simple"},"jetpack_sharing_enabled":true,"_links":{"self":[{"href":"https:\/\/mooncraft.com.pl\/index.php?rest_route=\/wp\/v2\/product\/21378","targetHints":{"allow":["GET"]}}],"collection":[{"href":"https:\/\/mooncraft.com.pl\/index.php?rest_route=\/wp\/v2\/product"}],"about":[{"href":"https:\/\/mooncraft.com.pl\/index.php?rest_route=\/wp\/v2\/types\/product"}],"wp:featuredmedia":[{"embeddable":true,"href":"https:\/\/mooncraft.com.pl\/index.php?rest_route=\/wp\/v2\/media\/21381"}],"wp:attachment":[{"href":"https:\/\/mooncraft.com.pl\/index.php?rest_route=%2Fwp%2Fv2%2Fmedia&parent=21378"}],"wp:term":[{"taxonomy":"product_brand","embeddable":true,"href":"https:\/\/mooncraft.com.pl\/index.php?rest_route=%2Fwp%2Fv2%2Fproduct_brand&post=21378"},{"taxonomy":"product_cat","embeddable":true,"href":"https:\/\/mooncraft.com.pl\/index.php?rest_route=%2Fwp%2Fv2%2Fproduct_cat&post=21378"},{"taxonomy":"product_tag","embeddable":true,"href":"https:\/\/mooncraft.com.pl\/index.php?rest_route=%2Fwp%2Fv2%2Fproduct_tag&post=21378"}],"curies":[{"name":"wp","href":"https:\/\/api.w.org\/{rel}","templated":true}]}}