{"id":21244,"date":"2025-10-06T17:04:56","date_gmt":"2025-10-06T17:04:56","guid":{"rendered":"https:\/\/mooncraft.com.pl\/?post_type=product&#038;p=21244"},"modified":"2026-04-13T10:22:21","modified_gmt":"2026-04-13T10:22:21","slug":"generator-szelki-guard-welurowe","status":"publish","type":"product","link":"https:\/\/mooncraft.com.pl\/?product=generator-szelki-guard-welurowe","title":{"rendered":"GENERATOR SZELKI GUARD welurowe"},"content":{"rendered":"<p>Wybierz rodzaj i szeroko\u015b\u0107 ta\u015bmy na szelki, kolor z wzornika kt\u00f3re wybierasz<\/p>\n<p>Podaj faktyczne wymiary swojego psiaka, szelki zostan\u0105 uszyte z zapasem do regulacji<\/p>\n<p>&nbsp;<\/p>\n<p>Metalowe p\u00f3\u0142kola zgrzewane,<\/p>\n<p>Podszycie pianka nurek lub wysokiej jako\u015bci, mi\u0142y w dotyku welur ( uwaga ! szelki 2 cm maj\u0105 opcj\u0119 podszycia tylko welurowe)<\/p>\n<p>W \u015brodku ta\u015bma no\u015bna<\/p>\n<div role=\"row\">\n<div class=\"\" data-testid=\"Keycommand_wrapper\">\n<div class=\"j83agx80 cbu4d94t\">\n<div class=\"j83agx80\">\n<div class=\"jn8vp64t l9j0dhe7 hpfvmrgz lzcic4wl\" tabindex=\"0\" role=\"gridcell\" data-scope=\"messages_table\" data-recover=\"true\">\n<div class=\"ni8dbmo4 stjgntxs nred35xi ii04i59q\" aria-owns=\"jsc_c_5f\" data-testid=\"messenger_incoming_text_row\">\n<div class=\"l60d2q6s d1544ag0 sj5x9vvc tw6a2znq l9j0dhe7 ni8dbmo4 stjgntxs qlfml3jp inkptoze jk6sbkaj qmr60zad jm1wdb64 qv66sw1b ljqsnud1 g6srhlxm\">\n<div class=\"oo9gr5id\" dir=\"auto\">\n<div class=\"kvgmc6g5 cxmmr5t8 oygrvhab hcukyx3x c1et5uql\">Materia\u0142y wycinane s\u0105 r\u0119cznie, dlatego umiejscowienie wzoru mo\u017ce si\u0119 nieznacznie r\u00f3\u017cni\u0107.<\/div>\n<\/div>\n<div>do wyboru trzy kolory oku\u0107 &#8211; czarny, srebrny i antyczny mosi\u0105dz (czarne i antyczny mosi\u0105dz z czasem mog\u0105 si\u0119 \u015bciera\u0107, nie podlega to gwarancji, warto mie\u0107 to na uwadze chocia\u017c uwielbiam ten efekt kolorystyczny)<\/div>\n<div><\/div>\n<\/div>\n<div><\/div>\n<\/div>\n<div>Akcesoria personalizowane nie podlegaj\u0105 zwrotowi &#8211; je\u015bli nie jeste\u015b pewna\/pewien co wyklika\u0107 odezwij si\u0119, ch\u0119tnie pomog\u0119<\/div>\n<\/div>\n<div><\/div>\n<\/div>\n<\/div>\n<\/div>\n<\/div>\n<p>Pra\u0107 r\u0119cznie<\/p>\n<p>Okucia nie nadaj\u0105 si\u0119 do kontaktu\u00a0 wod\u0105 morsk\u0105.<\/p>\n<p>&nbsp;<\/p>\n<p><img fetchpriority=\"high\" decoding=\"async\" class=\"alignnone size-medium wp-image-2062\" src=\"http:\/\/mooncraft.com.pl\/wp-content\/uploads\/2020\/03\/guardy-01-300x300.jpg\" alt=\"Guardy 01 300x300\" width=\"300\" height=\"300\" title=\"GENERATOR SZELKI GUARD welurowe\" srcset=\"https:\/\/mooncraft.com.pl\/wp-content\/uploads\/2020\/03\/guardy-01-300x300.jpg 300w, https:\/\/mooncraft.com.pl\/wp-content\/uploads\/2020\/03\/guardy-01-100x100.jpg 100w, https:\/\/mooncraft.com.pl\/wp-content\/uploads\/2020\/03\/guardy-01-600x600.jpg 600w, https:\/\/mooncraft.com.pl\/wp-content\/uploads\/2020\/03\/guardy-01-150x150.jpg 150w, https:\/\/mooncraft.com.pl\/wp-content\/uploads\/2020\/03\/guardy-01.jpg 768w\" sizes=\"(max-width: 300px) 100vw, 300px\" \/><\/p>\n<p>&nbsp;<\/p>\n","protected":false},"excerpt":{"rendered":"<p><strong>Chcesz spersonalizowane zam\u00f3wienie? Brak wybranego produktu na stronie?<\/strong><\/p>\n<p>To idealne miejsce \u017ceby wyklika\u0107 wszystko czego potrzebujesz, a ja nie ogarn\u0119\u0142am na stronie \ud83d\ude1b<\/p>\n<p>Wybierz parametry smyczy jakie Ci\u0119 interesuj\u0105 a my uszyjemy j\u0105 dla Ciebie !<\/p>\n<p>W pozosta\u0142ych generatorach znajdziesz smycze i obro\u017ce &#8211; dodaj do koszyka to co Ci\u0119 interesuje i uszyjemy to z przyjemno\u015bci\u0105 &lt;3<\/p>\n<p>&nbsp;<\/p>\n<p>Realizacja do 14 dni roboczych, chyba \u017ce og\u0142oszenie na stronie g\u0142\u00f3wnej m\u00f3wi inaczej<\/p>\n","protected":false},"featured_media":20751,"template":"","meta":{"site-sidebar-layout":"default","site-content-layout":"","ast-site-content-layout":"default","site-content-style":"default","site-sidebar-style":"default","ast-global-header-display":"","ast-banner-title-visibility":"","ast-main-header-display":"","ast-hfb-above-header-display":"","ast-hfb-below-header-display":"","ast-hfb-mobile-header-display":"","site-post-title":"","ast-breadcrumbs-content":"","ast-featured-img":"","footer-sml-layout":"","ast-disable-related-posts":"","theme-transparent-header-meta":"default","adv-header-id-meta":"","stick-header-meta":"","header-above-stick-meta":"","header-main-stick-meta":"","header-below-stick-meta":"","astra-migrate-meta-layouts":"set","ast-page-background-enabled":"default","ast-page-background-meta":{"desktop":{"background-color":"","background-image":"","background-repeat":"repeat","background-position":"center center","background-size":"auto","background-attachment":"scroll","background-type":"","background-media":"","overlay-type":"","overlay-color":"","overlay-opacity":"","overlay-gradient":""},"tablet":{"background-color":"","background-image":"","background-repeat":"repeat","background-position":"center center","background-size":"auto","background-attachment":"scroll","background-type":"","background-media":"","overlay-type":"","overlay-color":"","overlay-opacity":"","overlay-gradient":""},"mobile":{"background-color":"","background-image":"","background-repeat":"repeat","background-position":"center center","background-size":"auto","background-attachment":"scroll","background-type":"","background-media":"","overlay-type":"","overlay-color":"","overlay-opacity":"","overlay-gradient":""}},"ast-content-background-meta":{"desktop":{"background-color":"var(--ast-global-color-5)","background-image":"","background-repeat":"repeat","background-position":"center center","background-size":"auto","background-attachment":"scroll","background-type":"","background-media":"","overlay-type":"","overlay-color":"","overlay-opacity":"","overlay-gradient":""},"tablet":{"background-color":"var(--ast-global-color-5)","background-image":"","background-repeat":"repeat","background-position":"center center","background-size":"auto","background-attachment":"scroll","background-type":"","background-media":"","overlay-type":"","overlay-color":"","overlay-opacity":"","overlay-gradient":""},"mobile":{"background-color":"var(--ast-global-color-5)","background-image":"","background-repeat":"repeat","background-position":"center center","background-size":"auto","background-attachment":"scroll","background-type":"","background-media":"","overlay-type":"","overlay-color":"","overlay-opacity":"","overlay-gradient":""}}},"product_brand":[],"product_cat":[177,171,85],"product_tag":[],"class_list":{"0":"post-21244","1":"product","2":"type-product","3":"status-publish","4":"has-post-thumbnail","6":"product_cat-generatory","7":"product_cat-szelki-bezuciskowe","8":"product_cat-dlapsa","9":"product_shipping_class-male-paczki","10":"desktop-align-left","11":"tablet-align-left","12":"mobile-align-left","14":"first","15":"onbackorder","16":"featured","17":"taxable","18":"shipping-taxable","19":"purchasable","20":"product-type-variable"},"jetpack_sharing_enabled":true,"_links":{"self":[{"href":"https:\/\/mooncraft.com.pl\/index.php?rest_route=\/wp\/v2\/product\/21244","targetHints":{"allow":["GET"]}}],"collection":[{"href":"https:\/\/mooncraft.com.pl\/index.php?rest_route=\/wp\/v2\/product"}],"about":[{"href":"https:\/\/mooncraft.com.pl\/index.php?rest_route=\/wp\/v2\/types\/product"}],"wp:featuredmedia":[{"embeddable":true,"href":"https:\/\/mooncraft.com.pl\/index.php?rest_route=\/wp\/v2\/media\/20751"}],"wp:attachment":[{"href":"https:\/\/mooncraft.com.pl\/index.php?rest_route=%2Fwp%2Fv2%2Fmedia&parent=21244"}],"wp:term":[{"taxonomy":"product_brand","embeddable":true,"href":"https:\/\/mooncraft.com.pl\/index.php?rest_route=%2Fwp%2Fv2%2Fproduct_brand&post=21244"},{"taxonomy":"product_cat","embeddable":true,"href":"https:\/\/mooncraft.com.pl\/index.php?rest_route=%2Fwp%2Fv2%2Fproduct_cat&post=21244"},{"taxonomy":"product_tag","embeddable":true,"href":"https:\/\/mooncraft.com.pl\/index.php?rest_route=%2Fwp%2Fv2%2Fproduct_tag&post=21244"}],"curies":[{"name":"wp","href":"https:\/\/api.w.org\/{rel}","templated":true}]}}