{"id":20545,"date":"2025-08-21T08:04:21","date_gmt":"2025-08-21T08:04:21","guid":{"rendered":"https:\/\/mooncraft.com.pl\/?post_type=product&#038;p=20545"},"modified":"2025-10-10T07:38:58","modified_gmt":"2025-10-10T07:38:58","slug":"baffidi-chruppaski-dla-psa-baranina-100g","status":"publish","type":"product","link":"https:\/\/mooncraft.com.pl\/?product=baffidi-chruppaski-dla-psa-baranina-100g","title":{"rendered":"BAFFIDI &#8211; ChrupPaski dla psa &#8211; baranina 100g"},"content":{"rendered":"<p><b><strong>G\u0142\u00f3wne zalety mi\u0119sa z baraniny dla psa:<\/strong><\/b><\/p>\n<p data-start=\"96\" data-end=\"339\">\u2714\u00a0<b><strong data-start=\"98\" data-end=\"127\">Doskona\u0142e dla ka\u017cdego psa<\/strong><\/b>\u00a0\u2013 ChrupPaski z baraniny to idealna przek\u0105ska zar\u00f3wno dla ps\u00f3w alergik\u00f3w, jak i ps\u00f3w aktywnych, pracuj\u0105cych oraz szczeni\u0105t. Dzi\u0119ki wysokiej warto\u015bci od\u017cywczej wspieraj\u0105 zdrowie i kondycj\u0119 na ka\u017cdym etapie \u017cycia.<\/p>\n<p data-start=\"341\" data-end=\"509\">\u2714\u00a0<b><strong data-start=\"343\" data-end=\"367\">Bogate \u017ar\u00f3d\u0142o bia\u0142ka<\/strong><\/b>\u00a0\u2013 Baranina to mi\u0119so o wysokiej zawarto\u015bci bia\u0142ka, kt\u00f3re wspomaga rozw\u00f3j mi\u0119\u015bni, regeneracj\u0119 organizmu oraz dostarcza energii na ca\u0142y dzie\u0144.<\/p>\n<p data-start=\"511\" data-end=\"711\">\u2714\u00a0<b><strong data-start=\"513\" data-end=\"541\">\u0179r\u00f3d\u0142o cennych minera\u0142\u00f3w<\/strong><\/b>\u00a0\u2013 Przysmaki z baraniny zawieraj\u0105 \u0142atwo przyswajalny\u00a0<b><strong data-start=\"594\" data-end=\"603\">selen<\/strong><\/b>\u00a0i\u00a0<b><strong data-start=\"606\" data-end=\"614\">cynk<\/strong><\/b>, kt\u00f3re wzmacniaj\u0105 odporno\u015b\u0107, poprawiaj\u0105 stan sk\u00f3ry i sier\u015bci oraz wspieraj\u0105 zdrowy metabolizm.<\/p>\n<p data-start=\"713\" data-end=\"941\">\u2714\u00a0<b><strong data-start=\"715\" data-end=\"737\">Witaminy z grupy B<\/strong><\/b>\u00a0\u2013 Witaminy\u00a0<b><strong data-start=\"749\" data-end=\"756\">B12<\/strong><\/b>\u00a0i\u00a0<b><strong data-start=\"759\" data-end=\"765\">B3<\/strong><\/b>\u00a0wspomagaj\u0105 funkcjonowanie uk\u0142adu nerwowego, reguluj\u0105 przemian\u0119 materii oraz pomagaj\u0105 w produkcji czerwonych krwinek, co jest kluczowe dla utrzymania wysokiej witalno\u015bci psa.<\/p>\n<p data-start=\"943\" data-end=\"1167\">\u2714\u00a0<b><strong data-start=\"945\" data-end=\"978\">L-karnityna dla zdrowia serca<\/strong><\/b>\u00a0\u2013 Obecno\u015b\u0107\u00a0<b><strong data-start=\"990\" data-end=\"1005\">L-karnityny<\/strong><\/b>\u00a0wspiera spalanie t\u0142uszczu, wspomaga prac\u0119 serca i uk\u0142ad kr\u0105\u017cenia, co czyni te przysmaki idealnym wyborem dla ps\u00f3w aktywnych i tych dbaj\u0105cych o prawid\u0142ow\u0105 wag\u0119.<\/p>\n<p data-start=\"1169\" data-end=\"1356\">\u2714\u00a0<b><strong data-start=\"1171\" data-end=\"1210\">Kwas orotowy \u2013 wsparcie dla kom\u00f3rek<\/strong><\/b>\u00a0\u2013 Baranina zawiera\u00a0<b><strong data-start=\"1230\" data-end=\"1246\">kwas orotowy<\/strong><\/b>, kt\u00f3ry wspiera zdrowie kom\u00f3rkowe, chroni organizm przed stresem oksydacyjnym i wspomaga regeneracj\u0119 tkanek.<\/p>\n<p data-start=\"1358\" data-end=\"1535\">\u2714\u00a0<b><strong data-start=\"1360\" data-end=\"1387\">Kwasy omega-3 i omega-6<\/strong><\/b>\u00a0\u2013 Wspieraj\u0105 zdrow\u0105 sk\u00f3r\u0119, l\u015bni\u0105c\u0105 sier\u015b\u0107 oraz dzia\u0142aj\u0105 przeciwzapalnie, co jest szczeg\u00f3lnie istotne dla ps\u00f3w z problemami sk\u00f3rnymi lub alergiami.<\/p>\n<p data-start=\"1358\" data-end=\"1535\">\n<p data-start=\"1596\" data-end=\"2039\"><b><strong>ChrupPaski z baraniny od BaffiDi<\/strong><\/b>\u00a0to doskona\u0142e \u017ar\u00f3d\u0142o\u00a0<b><strong data-start=\"1637\" data-end=\"1687\">pe\u0142nowarto\u015bciowego bia\u0142ka, minera\u0142\u00f3w i witamin<\/strong><\/b>, kt\u00f3re wspieraj\u0105 zdrowie psa na wielu poziomach. Dzi\u0119ki\u00a0<b><strong data-start=\"1744\" data-end=\"1811\">wysokiej zawarto\u015bci L-karnityny, kwasu orotowego i kwas\u00f3w omega<\/strong><\/b>\u00a0pomagaj\u0105 utrzyma\u0107 prawid\u0142ow\u0105 wag\u0119, wspieraj\u0105 prac\u0119 serca oraz dbaj\u0105 o odporno\u015b\u0107. Ich naturalny sk\u0142ad sprawia, \u017ce s\u0105 doskona\u0142ym wyborem dla ps\u00f3w z alergiami, wra\u017cliwym uk\u0142adem pokarmowym oraz czworonog\u00f3w o wysokiej aktywno\u015bci.<\/p>\n<p data-start=\"2041\" data-end=\"2125\" data-is-last-node=\"\" data-is-only-node=\"\"><b><strong>Tw\u00f3j pies pokocha ten smak!<\/strong><\/b><\/p>\n<p data-start=\"2041\" data-end=\"2125\" data-is-last-node=\"\" data-is-only-node=\"\">\n<p><b><strong>Rozmiar produktu:<\/strong><\/b><\/p>\n<p>12-13cm<\/p>\n<p>&nbsp;<\/p>\n<p><b><strong>Sk\u0142ad:<\/strong><\/b><\/p>\n<p>Baranina 99% (Mi\u0119so 59%, Podroby, chrz\u0105stki, ko\u015bci 40%), Olej z \u0142ososia\u00a01%<\/p>\n<p>&nbsp;<\/p>\n<p><b><strong>Analiza chemiczna:<\/strong><\/b><\/p>\n<p>bia\u0142ko \u2013 48,2%, t\u0142uszcz \u2013 26,5%, w\u0142\u00f3kno surowe \u2013 1,6%, popi\u00f3\u0142 \u2013 9,5%, wilgotno\u015b\u0107 \u2013 9,8%,<\/p>\n","protected":false},"excerpt":{"rendered":"<p><strong>Naturalny przysmak dla psa ChrupPaski\u00a0&#8211; baranina<\/strong><\/p>\n<p>Rozkoszujesz si\u0119 widokiem swojego psa, kt\u00f3ry czerpie rado\u015b\u0107 z jedzenia? Zapewnij mu jeszcze wi\u0119cej rado\u015bci, podaj\u0105c przysmak marki\u00a0<b><strong>BaffiDi<\/strong><\/b>, jakim jest\u00a0<b><strong>Suszone mi\u0119so w postaci \u0142atwo podzielnych ChrupPask\u00f3w.<\/strong><\/b>\u00a0Wyj\u0105tkowy przysmak to r\u0119cznie krojone, najwy\u017cszej jako\u015bci mi\u0119so z kaczki, delikatnie suszone ciep\u0142ym powietrzem, co zapewnia bezpiecze\u0144stwo epidemiologiczne bez konieczno\u015bci u\u017cycia \u015brodk\u00f3w chemicznych i konserwuj\u0105cych. Produkt nie zawiera wzmacniaczy smaku, sztucznych aromat\u00f3w oraz wype\u0142niaczy. Proces suszenia nadaje mu niezwyk\u0142ej krucho\u015bci i chrupko\u015bci oraz pozwala zachowa\u0107 wszystkie warto\u015bci od\u017cywcze. Nasz naturalny przysmak zawiera 69% mi\u0119sa z kaczki, 30% (podroby, chrz\u0105stki, ko\u015bci), 1% oleju z \u0142ososia. Doskonale nadaje si\u0119 jako uzupe\u0142nienie diety mi\u0119dzy posi\u0142kami.<\/p>\n<p><b><strong>Uwielbiasz przysmaki? Tw\u00f3j pies r\u00f3wnie\u017c je uwielbia! Daj mu wi\u0119c przysmak, jakim s\u0105 ChrupPaski.<\/strong><\/b><\/p>\n","protected":false},"featured_media":20547,"template":"","meta":{"site-sidebar-layout":"default","site-content-layout":"","ast-site-content-layout":"default","site-content-style":"default","site-sidebar-style":"default","ast-global-header-display":"","ast-banner-title-visibility":"","ast-main-header-display":"","ast-hfb-above-header-display":"","ast-hfb-below-header-display":"","ast-hfb-mobile-header-display":"","site-post-title":"","ast-breadcrumbs-content":"","ast-featured-img":"","footer-sml-layout":"","ast-disable-related-posts":"","theme-transparent-header-meta":"default","adv-header-id-meta":"","stick-header-meta":"","header-above-stick-meta":"","header-main-stick-meta":"","header-below-stick-meta":"","astra-migrate-meta-layouts":"set","ast-page-background-enabled":"default","ast-page-background-meta":{"desktop":{"background-color":"","background-image":"","background-repeat":"repeat","background-position":"center center","background-size":"auto","background-attachment":"scroll","background-type":"","background-media":"","overlay-type":"","overlay-color":"","overlay-opacity":"","overlay-gradient":""},"tablet":{"background-color":"","background-image":"","background-repeat":"repeat","background-position":"center center","background-size":"auto","background-attachment":"scroll","background-type":"","background-media":"","overlay-type":"","overlay-color":"","overlay-opacity":"","overlay-gradient":""},"mobile":{"background-color":"","background-image":"","background-repeat":"repeat","background-position":"center center","background-size":"auto","background-attachment":"scroll","background-type":"","background-media":"","overlay-type":"","overlay-color":"","overlay-opacity":"","overlay-gradient":""}},"ast-content-background-meta":{"desktop":{"background-color":"var(--ast-global-color-5)","background-image":"","background-repeat":"repeat","background-position":"center center","background-size":"auto","background-attachment":"scroll","background-type":"","background-media":"","overlay-type":"","overlay-color":"","overlay-opacity":"","overlay-gradient":""},"tablet":{"background-color":"var(--ast-global-color-5)","background-image":"","background-repeat":"repeat","background-position":"center center","background-size":"auto","background-attachment":"scroll","background-type":"","background-media":"","overlay-type":"","overlay-color":"","overlay-opacity":"","overlay-gradient":""},"mobile":{"background-color":"var(--ast-global-color-5)","background-image":"","background-repeat":"repeat","background-position":"center center","background-size":"auto","background-attachment":"scroll","background-type":"","background-media":"","overlay-type":"","overlay-color":"","overlay-opacity":"","overlay-gradient":""}}},"product_brand":[],"product_cat":[85,159,170],"product_tag":[],"class_list":{"0":"post-20545","1":"product","2":"type-product","3":"status-publish","4":"has-post-thumbnail","6":"product_cat-dlapsa","7":"product_cat-smakolyki","8":"product_cat-przysmaki","9":"desktop-align-left","10":"tablet-align-left","11":"mobile-align-left","13":"first","14":"instock","15":"taxable","16":"shipping-taxable","17":"purchasable","18":"product-type-simple"},"jetpack_sharing_enabled":true,"_links":{"self":[{"href":"https:\/\/mooncraft.com.pl\/index.php?rest_route=\/wp\/v2\/product\/20545","targetHints":{"allow":["GET"]}}],"collection":[{"href":"https:\/\/mooncraft.com.pl\/index.php?rest_route=\/wp\/v2\/product"}],"about":[{"href":"https:\/\/mooncraft.com.pl\/index.php?rest_route=\/wp\/v2\/types\/product"}],"wp:featuredmedia":[{"embeddable":true,"href":"https:\/\/mooncraft.com.pl\/index.php?rest_route=\/wp\/v2\/media\/20547"}],"wp:attachment":[{"href":"https:\/\/mooncraft.com.pl\/index.php?rest_route=%2Fwp%2Fv2%2Fmedia&parent=20545"}],"wp:term":[{"taxonomy":"product_brand","embeddable":true,"href":"https:\/\/mooncraft.com.pl\/index.php?rest_route=%2Fwp%2Fv2%2Fproduct_brand&post=20545"},{"taxonomy":"product_cat","embeddable":true,"href":"https:\/\/mooncraft.com.pl\/index.php?rest_route=%2Fwp%2Fv2%2Fproduct_cat&post=20545"},{"taxonomy":"product_tag","embeddable":true,"href":"https:\/\/mooncraft.com.pl\/index.php?rest_route=%2Fwp%2Fv2%2Fproduct_tag&post=20545"}],"curies":[{"name":"wp","href":"https:\/\/api.w.org\/{rel}","templated":true}]}}