{"id":20350,"date":"2025-07-17T19:52:07","date_gmt":"2025-07-17T19:52:07","guid":{"rendered":"https:\/\/mooncraft.com.pl\/?post_type=product&#038;p=20350"},"modified":"2026-04-01T19:18:53","modified_gmt":"2026-04-01T19:18:53","slug":"bon-bon-indyk-piekna-siersc-przysmaki-z-dodatkiem-funkcyjnym-80g","status":"publish","type":"product","link":"https:\/\/mooncraft.com.pl\/?product=bon-bon-indyk-piekna-siersc-przysmaki-z-dodatkiem-funkcyjnym-80g","title":{"rendered":"BON BON Indyk \u2013 pi\u0119kna sier\u015b\u0107 Przysmaki z dodatkiem funkcyjnym 80g Perro"},"content":{"rendered":"<p>Jak o stawy zadbali\u015bmy w PERRO Bon Bon?<\/p>\n<p>Receptura zosta\u0142a wzbogacona MSM\u2013 siark\u0105 organiczn\u0105 \u2013 nieocenionym sk\u0142adnikiem w walce z problemami kostnym, szeroko wykorzystywan\u0105 w leczeniu zapalenia staw\u00f3w. W recepturze r\u00f3wnie\u017c dzika r\u00f3\u017ca, kt\u00f3ra dzi\u0119ki swoim w\u0142a\u015bciwo\u015bciom z powodzeniem stosowana jest w leczeniu choroby zwyrodnieniowej staw\u00f3w.<\/p>\n<p>Przysmaki Bon Bon nie zawieraj\u0105 gliceryny.<\/p>\n<p>Sk\u0142ad:\u00a0indyk (85 %), puree z marchewki 6%, \u017c\u00f3\u0142tko jaja kurzego 5%, olej z \u0142ososia 4%<\/p>\n<p><img decoding=\"async\" class=\"alignnone size-medium wp-image-1538\" src=\"https:\/\/sprzedaz.perrokarma.pl\/wp-content\/uploads\/2024\/06\/Indyk-300x106.png\" alt=\"Indyk 300x106\" width=\"300\" height=\"106\" title=\"BON BON Indyk \u2013 pi\u0119kna sier\u015b\u0107 Przysmaki z dodatkiem funkcyjnym 80g Perro\"><\/p>\n<p>&nbsp;<\/p>\n<p>Indyk\u00a0\u2013 mi\u0119so z indyka cechuje si\u0119 niewielk\u0105 kaloryczno\u015bci\u0105 oraz wysok\u0105 zawarto\u015bci\u0105 pe\u0142nowarto\u015bciowego bia\u0142ka. Jest dobrym \u017ar\u00f3d\u0142em \u017celaza, cynku, selenu, potasu i fosforu oraz zawiera witamin\u0119 B6, B12 i niacyn\u0119. \u017belazo odpowiada za prawid\u0142owe funkcjonowanie uk\u0142adu odporno\u015bciowego i nerwowego oraz wspomaga proces wzrastania psa, zapobiega zm\u0119czeniu, pomaga chroni\u0107 przed anemi\u0105 i niekt\u00f3rymi wolnymi rodnikami. Cynk wspiera uk\u0142ad odporno\u015bciowy oraz utrzymanie zdrowej sier\u015bci i sk\u00f3ry. Potas z kolei, warunkuje prawid\u0142owe funkcjonowanie uk\u0142adu nerwowego i wspiera prac\u0119 mi\u0119\u015bni. Fosfor to minera\u0142, kt\u00f3ry przyczynia si\u0119 do utrzymania prawid\u0142owego metabolizmu energetycznego, a tak\u017ce wspiera mineralizacj\u0119 ko\u015bci i z\u0119b\u00f3w.<\/p>\n<p>Puree z marchewki\u00a0\u2013 jest \u017ar\u00f3d\u0142em betakarotenu, witaminy A i C. Dzi\u0119ki zawarto\u015bci naturalnych antyoksydant\u00f3w, zmniejsza ryzyko powstawania nowotwor\u00f3w.<\/p>\n<p>\u017b\u00f3\u0142tko jaja kurzego\u00a0\u2013 bogate \u017ar\u00f3d\u0142o witamin (A, D, E, K), fosforu, potasu, \u017celaza i kwasu foliowego, kt\u00f3re pomagaj\u0105 utrzyma\u0107 zdrow\u0105 sk\u00f3r\u0119 i pi\u0119kn\u0105 sier\u015b\u0107.<\/p>\n<p>Olej z \u0142ososia \u2013 jest \u017ar\u00f3d\u0142em kwas\u00f3w t\u0142uszczowych omega 3 (EPA i DHA). Pomaga zachowa\u0107 zdrow\u0105 sk\u00f3r\u0119 i pi\u0119kn\u0105 sier\u015b\u0107, stosowany codziennie wspiera prawid\u0142ow\u0105 prac\u0119 m\u00f3zgu, serca i wzroku.<\/p>\n","protected":false},"excerpt":{"rendered":"<p>PERRO BON BON to prawdziwe psie \u0142akocie, kt\u00f3re opr\u00f3cz sprawiania przyjemno\u015bci spe\u0142niaj\u0105 szereg innych funkcji \u2013 i to tych prozdrowotnych! Zdrowie staw\u00f3w to jeden z kluczy do szcz\u0119\u015bliwego \u017cycia psa.<\/p>\n","protected":false},"featured_media":20352,"template":"","meta":{"site-sidebar-layout":"default","site-content-layout":"","ast-site-content-layout":"default","site-content-style":"default","site-sidebar-style":"default","ast-global-header-display":"","ast-banner-title-visibility":"","ast-main-header-display":"","ast-hfb-above-header-display":"","ast-hfb-below-header-display":"","ast-hfb-mobile-header-display":"","site-post-title":"","ast-breadcrumbs-content":"","ast-featured-img":"","footer-sml-layout":"","ast-disable-related-posts":"","theme-transparent-header-meta":"default","adv-header-id-meta":"","stick-header-meta":"","header-above-stick-meta":"","header-main-stick-meta":"","header-below-stick-meta":"","astra-migrate-meta-layouts":"set","ast-page-background-enabled":"default","ast-page-background-meta":{"desktop":{"background-color":"","background-image":"","background-repeat":"repeat","background-position":"center center","background-size":"auto","background-attachment":"scroll","background-type":"","background-media":"","overlay-type":"","overlay-color":"","overlay-opacity":"","overlay-gradient":""},"tablet":{"background-color":"","background-image":"","background-repeat":"repeat","background-position":"center center","background-size":"auto","background-attachment":"scroll","background-type":"","background-media":"","overlay-type":"","overlay-color":"","overlay-opacity":"","overlay-gradient":""},"mobile":{"background-color":"","background-image":"","background-repeat":"repeat","background-position":"center center","background-size":"auto","background-attachment":"scroll","background-type":"","background-media":"","overlay-type":"","overlay-color":"","overlay-opacity":"","overlay-gradient":""}},"ast-content-background-meta":{"desktop":{"background-color":"var(--ast-global-color-5)","background-image":"","background-repeat":"repeat","background-position":"center center","background-size":"auto","background-attachment":"scroll","background-type":"","background-media":"","overlay-type":"","overlay-color":"","overlay-opacity":"","overlay-gradient":""},"tablet":{"background-color":"var(--ast-global-color-5)","background-image":"","background-repeat":"repeat","background-position":"center center","background-size":"auto","background-attachment":"scroll","background-type":"","background-media":"","overlay-type":"","overlay-color":"","overlay-opacity":"","overlay-gradient":""},"mobile":{"background-color":"var(--ast-global-color-5)","background-image":"","background-repeat":"repeat","background-position":"center center","background-size":"auto","background-attachment":"scroll","background-type":"","background-media":"","overlay-type":"","overlay-color":"","overlay-opacity":"","overlay-gradient":""}}},"product_brand":[],"product_cat":[85,159,170],"product_tag":[],"class_list":{"0":"post-20350","1":"product","2":"type-product","3":"status-publish","4":"has-post-thumbnail","6":"product_cat-dlapsa","7":"product_cat-smakolyki","8":"product_cat-przysmaki","9":"desktop-align-left","10":"tablet-align-left","11":"mobile-align-left","13":"first","14":"instock","15":"taxable","16":"shipping-taxable","17":"purchasable","18":"product-type-simple"},"jetpack_sharing_enabled":true,"_links":{"self":[{"href":"https:\/\/mooncraft.com.pl\/index.php?rest_route=\/wp\/v2\/product\/20350","targetHints":{"allow":["GET"]}}],"collection":[{"href":"https:\/\/mooncraft.com.pl\/index.php?rest_route=\/wp\/v2\/product"}],"about":[{"href":"https:\/\/mooncraft.com.pl\/index.php?rest_route=\/wp\/v2\/types\/product"}],"wp:featuredmedia":[{"embeddable":true,"href":"https:\/\/mooncraft.com.pl\/index.php?rest_route=\/wp\/v2\/media\/20352"}],"wp:attachment":[{"href":"https:\/\/mooncraft.com.pl\/index.php?rest_route=%2Fwp%2Fv2%2Fmedia&parent=20350"}],"wp:term":[{"taxonomy":"product_brand","embeddable":true,"href":"https:\/\/mooncraft.com.pl\/index.php?rest_route=%2Fwp%2Fv2%2Fproduct_brand&post=20350"},{"taxonomy":"product_cat","embeddable":true,"href":"https:\/\/mooncraft.com.pl\/index.php?rest_route=%2Fwp%2Fv2%2Fproduct_cat&post=20350"},{"taxonomy":"product_tag","embeddable":true,"href":"https:\/\/mooncraft.com.pl\/index.php?rest_route=%2Fwp%2Fv2%2Fproduct_tag&post=20350"}],"curies":[{"name":"wp","href":"https:\/\/api.w.org\/{rel}","templated":true}]}}