{"id":19707,"date":"2025-04-22T18:35:35","date_gmt":"2025-04-22T18:35:35","guid":{"rendered":"https:\/\/mooncraft.com.pl\/?post_type=product&#038;p=19707"},"modified":"2025-12-18T13:25:57","modified_gmt":"2025-12-18T13:25:57","slug":"dogy-kielbaski-ze-strusia-100g","status":"publish","type":"product","link":"https:\/\/mooncraft.com.pl\/?product=dogy-kielbaski-ze-strusia-100g","title":{"rendered":"DOGY &#8211; Kie\u0142baski ze Strusia 100g"},"content":{"rendered":"<p><strong>Sk\u0142ad:<\/strong>\u00a0mi\u0119so ze strusia 94%, maliny 2%, porzeczka 2%, jelito z\u00a0kolagenu wo\u0142owego 2%.<\/p>\n<p><strong>Analiza:<\/strong>\u00a0Bia\u0142ko 51%, t\u0142uszcz 21,4%, popi\u00f3\u0142 4,2%, w\u0142\u00f3kno 1,9%<\/p>\n<h6><strong>G\u0142\u00f3wne cechy produktu:<\/strong><\/h6>\n<p><strong>1. 94% Mi\u0119sa Mi\u0119\u015bniowego:<\/strong>\u00a0Nasze par\u00f3wki zawieraj\u0105 a\u017c 98% mi\u0119sa mi\u0119\u015bniowego, co czyni je doskona\u0142ym \u017ar\u00f3d\u0142em bia\u0142ka &#8211; kluczowego sk\u0142adnika diety ka\u017cdego psa.<\/p>\n<p><strong>2. Dodatek Malin i\u00a0Porzeczek:\u00a0<\/strong>Wzbogacili\u015bmy nasze par\u00f3wki o\u00a0maliny i\u00a0porzeczki, kt\u00f3re s\u0105 \u017ar\u00f3d\u0142em witamin, antyoksydant\u00f3w i\u00a0b\u0142onnika, wspieraj\u0105c zdrowie i\u00a0odporno\u015b\u0107 Twojego pupila.\u200b<\/p>\n<p><strong>3. Brak Sztucznych Dodatk\u00f3w:<\/strong>\u00a0Z dum\u0105 mo\u017cemy powiedzie\u0107, \u017ce\u00a0nasze par\u00f3wki nie zawieraj\u0105 \u017cadnych sztucznych barwnik\u00f3w, konserwant\u00f3w, ani\u00a0wype\u0142niaczy. Dlaczego? Bo zale\u017cy nam na\u00a0zdrowiu i\u00a0bezpiecze\u0144stwie Twojego pupila.<\/p>\n<p><strong>4. Bez Cukru i\u00a0Sk\u0142adnik\u00f3w Wabi\u0105cych:<\/strong>\u00a0Nasze par\u00f3wki s\u0105 czyste jak \u0142za &#8211; nie zawieraj\u0105 cukru ani\u00a0sk\u0142adnik\u00f3w wabi\u0105cych, co oznacza, \u017ce\u00a0Tw\u00f3j pies nie dostaje niczego, co jest zb\u0119dne i\u00a0potencjalnie szkodliwe.<\/p>\n<p><strong>5. Unikalny Proces Produkcji:<\/strong>\u00a0Nasze par\u00f3wki nie powstaj\u0105 przypadkowo. Najwy\u017cszej jako\u015bci mi\u0119sko jest najpierw dok\u0142adnie siekane, formowane w\u00a0charakterystyczne par\u00f3wki DOGY, a\u00a0na ko\u0144cu powoli i\u00a0delikatnie suszone, aby zachowa\u0107 pe\u0142ni\u0119 smaku i\u00a0warto\u015bci od\u017cywczych.<\/p>\n<h6>Mi\u0119so Strusia &#8211; zalety i\u00a0dobroczynny wp\u0142yw na\u00a0zdrowie psa:<\/h6>\n<p><strong>Hipoalergiczne Bia\u0142ko:<\/strong>\u00a0Mi\u0119so strusia jest uwa\u017cane za hipoalergiczne, co oznacza, \u017ce\u00a0rzadko wywo\u0142uje reakcje alergiczne u ps\u00f3w. Jest to doskona\u0142a alternatywa dla ps\u00f3w z\u00a0wra\u017cliwo\u015bci\u0105 pokarmow\u0105 lub\u00a0alergiami na\u00a0inne rodzaje mi\u0119sa.<br \/>\n<strong>Niska Zawarto\u015b\u0107 T\u0142uszczu:\u00a0<\/strong>Mi\u0119so strusia charakteryzuje si\u0119 nisk\u0105 zawarto\u015bci\u0105 t\u0142uszczu, co czyni je lekkostrawnym i\u00a0odpowiednim dla ps\u00f3w na\u00a0diecie redukcyjnej lub\u00a0z tendencj\u0105 do nadwagi.<br \/>\n<strong>Bogactwo Sk\u0142adnik\u00f3w Od\u017cywczych:<\/strong>\u00a0Strusina dostarcza cennych kwas\u00f3w t\u0142uszczowych omega-3 i\u00a0omega-6, kt\u00f3re wspieraj\u0105 zdrowie sk\u00f3ry i\u00a0sier\u015bci psa.<\/p>\n<h6>Maliny i\u00a0Porzeczki \u2013 korzy\u015bci zdrowotne dla psa:<\/h6>\n<p><strong>Maliny:<\/strong>\u00a0Te smaczne owoce s\u0105 bogate w\u00a0witaminy, antyoksydanty i\u00a0b\u0142onnik. Maliny mog\u0105 wspiera\u0107 uk\u0142ad odporno\u015bciowy psa oraz\u00a0dzia\u0142a\u0107 przeciwzapalnie. \u200b<br \/>\n<strong>Porzeczki:<\/strong>\u00a0Zar\u00f3wno czarne, czerwone, jak i\u00a0bia\u0142e porzeczki mog\u0105 stanowi\u0107 zdrowy dodatek do diety psa. Zawieraj\u0105 witamin\u0119 C i\u00a0antyoksydanty, kt\u00f3re mog\u0105 wspiera\u0107 zdrowie uk\u0142adu moczowego i\u00a0odporno\u015bciowego<\/p>\n<h6><strong>Dlaczego Par\u00f3wki DOGY s\u0105 wyj\u0105tkowe:<\/strong><\/h6>\n<p>Z trosk\u0105 o\u00a0Twojego czworono\u017cnego przyjaciela stworzyli\u015bmy Par\u00f3wki z\u00a0mi\u0119sa mi\u0119\u015bniowego, kt\u00f3re nie tylko ciesz\u0105 podniebienie, ale\u00a0r\u00f3wnie\u017c dbaj\u0105 o\u00a0zdrowie. To doskona\u0142a przek\u0105ska, kt\u00f3ra mo\u017ce by\u0107 nagrod\u0105, przysmakiem, lub\u00a0po prostu sposobem na\u00a0wyra\u017cenie mi\u0142o\u015bci wobec swojego pupila. Spr\u00f3buj teraz i\u00a0zobacz, jak Twojemu psu zasmakuje wyj\u0105tkowy smak prawdziwego mi\u0119sa.<\/p>\n<h6>Istotne informacje:<\/h6>\n<p><strong>Przeznaczenie:\u00a0<\/strong>Przysmak dla ps\u00f3w doros\u0142ych wszystkich ras.\u00a0<strong>Zalecenia dotycz\u0105ce stosowania:<\/strong>\u00a0Nie do spo\u017cycia przez ludzi. Zapewnij psu sta\u0142y dost\u0119p do \u015bwie\u017cej wody.\u00a0<strong>Warunki przechowywania:\u00a0<\/strong>Produkt nale\u017cy przechowywa\u0107 w\u00a0suchym, ch\u0142odnym i\u00a0zaciemnionym miejscu, aby zachowa\u0107 jego jako\u015b\u0107 i\u00a0bezpiecze\u0144stwo.<\/p>\n<h6>Zgodnie z\u00a0wymogami Rozporz\u0105dzenia GPSR<\/h6>\n<p>Poni\u017csze informacje zosta\u0142y przygotowane w\u00a0celu zapewnienia pe\u0142nej zgodno\u015bci z\u00a0Rozporz\u0105dzeniem o\u00a0Og\u00f3lnym Bezpiecze\u0144stwie Produkt\u00f3w (GPSR), aby zagwarantowa\u0107 bezpiecze\u0144stwo i\u00a0komfort u\u017cytkowania produktu.<\/p>\n<p><strong>Bezpiecze\u0144stwo i\u00a0jako\u015b\u0107:<\/strong>\u00a0Produkt zosta\u0142 wyprodukowany na\u00a0terenie Unii Europejskiej zgodnie z\u00a0normami UE, gwarantuj\u0105c najwy\u017csz\u0105 jako\u015b\u0107 i\u00a0bezpiecze\u0144stwo. Produkt spe\u0142nia standardy jako\u015bci i\u00a0bezpiecze\u0144stwa zgodne z\u00a0wymogami UE.\u00a0<strong>Potencjalne ryzyka:<\/strong>\u00a0Aby zapewni\u0107 psu pe\u0142ne bezpiecze\u0144stwo podczas gryzienia, zaleca si\u0119 podawanie produktu pod nadzorem opiekuna. Warto monitorowa\u0107 jego zabaw\u0119 z\u00a0produktem i\u00a0upewni\u0107 si\u0119, \u017ce\u00a0produkt jest odpowiedni do rozmiaru i\u00a0stylu \u017cucia psa. Zaleca si\u0119 przerwanie podawania produktu, je\u015bli pies usi\u0142uje po\u0142kn\u0105\u0107 zbyt du\u017cy kawa\u0142ek lub\u00a0wykazuje trudno\u015bci z\u00a0\u017cuciem. W przypadku, gdy pies je przysmak po raz pierwszy, nale\u017cy dok\u0142adnie sprawdzi\u0107 sk\u0142ad i\u00a0upewni\u0107 si\u0119, \u017ce\u00a0nie zawiera on sk\u0142adnik\u00f3w, na\u00a0kt\u00f3re pies mo\u017ce by\u0107 uczulony. Je\u015bli zauwa\u017cysz jakiekolwiek oznaki nietolerancji lub\u00a0alergii, takie jak wymioty, biegunka lub\u00a0nadmierne drapanie, przerwij podawanie produktu i\u00a0skonsultuj si\u0119 z\u00a0lekarzem weterynarii.\u00a0<strong>Kraj pochodzenia produktu &#8211;<\/strong>\u00a0produkt zosta\u0142 wyprodukowany w\u00a0Polsce.\u00a0<strong>Informacje o\u00a0producencie:<\/strong>\u00a0PETAKO Jaros\u0142aw Pawluczuk.\u00a0Konopnica 93E,\u00a021-030 Motycz,\u00a0Tel: 607-777-652, biuro@petako.pl<\/p>\n","protected":false},"excerpt":{"rendered":"<h6><strong>Kie\u0142baski DOGY<\/strong>\u00a0z\u00a0mi\u0119sa mi\u0119\u015bniowego to absolutny hit w\u015br\u00f3d przysmak\u00f3w dla ps\u00f3w. Stworzone z\u00a0my\u015bl\u0105 o\u00a0wymaganiach Twojego pupila, te wyj\u0105tkowe Kie\u0142baski stanowi\u0105 idealne po\u0142\u0105czenie smaku i\u00a0jako\u015bci. Nasza receptura opiera si\u0119 na\u00a0prostych zasadach &#8211; najlepsze sk\u0142adniki, brak sztucznych dodatk\u00f3w i\u00a0troska o\u00a0zdrowie psa.<\/h6>\n","protected":false},"featured_media":19703,"template":"","meta":{"site-sidebar-layout":"default","site-content-layout":"","ast-site-content-layout":"default","site-content-style":"default","site-sidebar-style":"default","ast-global-header-display":"","ast-banner-title-visibility":"","ast-main-header-display":"","ast-hfb-above-header-display":"","ast-hfb-below-header-display":"","ast-hfb-mobile-header-display":"","site-post-title":"","ast-breadcrumbs-content":"","ast-featured-img":"","footer-sml-layout":"","ast-disable-related-posts":"","theme-transparent-header-meta":"default","adv-header-id-meta":"","stick-header-meta":"","header-above-stick-meta":"","header-main-stick-meta":"","header-below-stick-meta":"","astra-migrate-meta-layouts":"set","ast-page-background-enabled":"default","ast-page-background-meta":{"desktop":{"background-color":"","background-image":"","background-repeat":"repeat","background-position":"center center","background-size":"auto","background-attachment":"scroll","background-type":"","background-media":"","overlay-type":"","overlay-color":"","overlay-opacity":"","overlay-gradient":""},"tablet":{"background-color":"","background-image":"","background-repeat":"repeat","background-position":"center center","background-size":"auto","background-attachment":"scroll","background-type":"","background-media":"","overlay-type":"","overlay-color":"","overlay-opacity":"","overlay-gradient":""},"mobile":{"background-color":"","background-image":"","background-repeat":"repeat","background-position":"center center","background-size":"auto","background-attachment":"scroll","background-type":"","background-media":"","overlay-type":"","overlay-color":"","overlay-opacity":"","overlay-gradient":""}},"ast-content-background-meta":{"desktop":{"background-color":"var(--ast-global-color-5)","background-image":"","background-repeat":"repeat","background-position":"center center","background-size":"auto","background-attachment":"scroll","background-type":"","background-media":"","overlay-type":"","overlay-color":"","overlay-opacity":"","overlay-gradient":""},"tablet":{"background-color":"var(--ast-global-color-5)","background-image":"","background-repeat":"repeat","background-position":"center center","background-size":"auto","background-attachment":"scroll","background-type":"","background-media":"","overlay-type":"","overlay-color":"","overlay-opacity":"","overlay-gradient":""},"mobile":{"background-color":"var(--ast-global-color-5)","background-image":"","background-repeat":"repeat","background-position":"center center","background-size":"auto","background-attachment":"scroll","background-type":"","background-media":"","overlay-type":"","overlay-color":"","overlay-opacity":"","overlay-gradient":""}}},"product_brand":[],"product_cat":[85,159,170],"product_tag":[],"class_list":{"0":"post-19707","1":"product","2":"type-product","3":"status-publish","4":"has-post-thumbnail","6":"product_cat-dlapsa","7":"product_cat-smakolyki","8":"product_cat-przysmaki","9":"desktop-align-left","10":"tablet-align-left","11":"mobile-align-left","13":"first","14":"instock","15":"taxable","16":"shipping-taxable","17":"purchasable","18":"product-type-simple"},"jetpack_sharing_enabled":true,"_links":{"self":[{"href":"https:\/\/mooncraft.com.pl\/index.php?rest_route=\/wp\/v2\/product\/19707","targetHints":{"allow":["GET"]}}],"collection":[{"href":"https:\/\/mooncraft.com.pl\/index.php?rest_route=\/wp\/v2\/product"}],"about":[{"href":"https:\/\/mooncraft.com.pl\/index.php?rest_route=\/wp\/v2\/types\/product"}],"wp:featuredmedia":[{"embeddable":true,"href":"https:\/\/mooncraft.com.pl\/index.php?rest_route=\/wp\/v2\/media\/19703"}],"wp:attachment":[{"href":"https:\/\/mooncraft.com.pl\/index.php?rest_route=%2Fwp%2Fv2%2Fmedia&parent=19707"}],"wp:term":[{"taxonomy":"product_brand","embeddable":true,"href":"https:\/\/mooncraft.com.pl\/index.php?rest_route=%2Fwp%2Fv2%2Fproduct_brand&post=19707"},{"taxonomy":"product_cat","embeddable":true,"href":"https:\/\/mooncraft.com.pl\/index.php?rest_route=%2Fwp%2Fv2%2Fproduct_cat&post=19707"},{"taxonomy":"product_tag","embeddable":true,"href":"https:\/\/mooncraft.com.pl\/index.php?rest_route=%2Fwp%2Fv2%2Fproduct_tag&post=19707"}],"curies":[{"name":"wp","href":"https:\/\/api.w.org\/{rel}","templated":true}]}}