{"id":18925,"date":"2025-02-16T12:39:24","date_gmt":"2025-02-16T12:39:24","guid":{"rendered":"https:\/\/mooncraft.com.pl\/?post_type=product&#038;p=18925"},"modified":"2025-02-23T19:23:57","modified_gmt":"2025-02-23T19:23:57","slug":"torebka-wega-mazie","status":"publish","type":"product","link":"https:\/\/mooncraft.com.pl\/?product=torebka-wega-mazie","title":{"rendered":"Torebka Wega &#8211; MAZIE"},"content":{"rendered":"<div class=\"o9v6fnle cxmmr5t8 oygrvhab hcukyx3x c1et5uql\">\n<p>WYMIARY:<\/p>\n<ul>\n<li>wysoko\u015b\u0107: 16 cm<\/li>\n<li>szeroko\u015b\u0107: 25 cm<\/li>\n<li>g\u0142\u0119boko\u015b\u0107: 5 cm<\/li>\n<li>regulacja paska (obw\u00f3d mierzony ju\u017c razem z nerk\u0105) 113cm-165cm<\/li>\n<\/ul>\n<p>Z zewn\u0105trz tkanina wodoodporna<\/p>\n<p>Klapka z ekosk\u00f3ry zamykana na magnes<\/p>\n<p>Podszewka z materia\u0142u wodoodpornego<\/p>\n<p>Nerka jest usztywniona, zachowuje sw\u00f3j kszta\u0142t, nie jest flaczkowata<\/p>\n<\/div>\n<div>Pasek bawe\u0142niany , mi\u0142y w dotyku<\/div>\n<div><\/div>\n<div>Jest mo\u017cliwo\u015b\u0107 uszycia tego modelu na dowolnym wzorze wybranym z wzornika &#8211; wtedy zapraszam do wiadomo\u015bci prywatnej na facebooku lub mail &#8211; cena bez zmian \ud83d\ude42<\/div>\n<div><\/div>\n","protected":false},"excerpt":{"rendered":"<h5><strong data-start=\"36\" data-end=\"81\">Torebka\/nerka Wega \u2013 stylowa i praktyczna<\/strong><\/h5>\n<p>Wega to torebka w formie kopert\u00f3wki, kt\u00f3ra \u015bwietnie sprawdzi si\u0119 na co dzie\u0144 i na wyj\u015bcia. Mimo niewielkich rozmiar\u00f3w, pomie\u015bci telefon i portfel, a do tego z ty\u0142u ma kieszonk\u0119 na zamek, idealn\u0105 na drobiazgi. W \u015brodku znajdziesz kolejn\u0105 kiesze\u0144 na zamek, \u017ceby wszystko by\u0142o na swoim miejscu. Torebka jest noszona przez rami\u0119, co zapewnia wygod\u0119, a dzi\u0119ki wodoodpornym materia\u0142om mo\u017cesz by\u0107 pewna, \u017ce pos\u0142u\u017cy Ci d\u0142ugo. Klapka w kontrastowym kolorze zamykana na magnes dodaje jej charakteru. Prosta, ale funkcjonalna \u2013 po prostu must-have!<\/p>\n<div dir=\"auto\"><\/div>\n","protected":false},"featured_media":18914,"template":"","meta":{"site-sidebar-layout":"default","site-content-layout":"default","ast-site-content-layout":"default","site-content-style":"default","site-sidebar-style":"default","ast-global-header-display":"","ast-banner-title-visibility":"","ast-main-header-display":"","ast-hfb-above-header-display":"","ast-hfb-below-header-display":"","ast-hfb-mobile-header-display":"","site-post-title":"","ast-breadcrumbs-content":"","ast-featured-img":"","footer-sml-layout":"","ast-disable-related-posts":"","theme-transparent-header-meta":"default","adv-header-id-meta":"","stick-header-meta":"","header-above-stick-meta":"","header-main-stick-meta":"","header-below-stick-meta":"","astra-migrate-meta-layouts":"set","ast-page-background-enabled":"default","ast-page-background-meta":{"desktop":{"background-color":"","background-image":"","background-repeat":"repeat","background-position":"center center","background-size":"auto","background-attachment":"scroll","background-type":"","background-media":"","overlay-type":"","overlay-color":"","overlay-opacity":"","overlay-gradient":""},"tablet":{"background-color":"","background-image":"","background-repeat":"repeat","background-position":"center center","background-size":"auto","background-attachment":"scroll","background-type":"","background-media":"","overlay-type":"","overlay-color":"","overlay-opacity":"","overlay-gradient":""},"mobile":{"background-color":"","background-image":"","background-repeat":"repeat","background-position":"center center","background-size":"auto","background-attachment":"scroll","background-type":"","background-media":"","overlay-type":"","overlay-color":"","overlay-opacity":"","overlay-gradient":""}},"ast-content-background-meta":{"desktop":{"background-color":"var(--ast-global-color-5)","background-image":"","background-repeat":"repeat","background-position":"center center","background-size":"auto","background-attachment":"scroll","background-type":"","background-media":"","overlay-type":"","overlay-color":"","overlay-opacity":"","overlay-gradient":""},"tablet":{"background-color":"var(--ast-global-color-5)","background-image":"","background-repeat":"repeat","background-position":"center center","background-size":"auto","background-attachment":"scroll","background-type":"","background-media":"","overlay-type":"","overlay-color":"","overlay-opacity":"","overlay-gradient":""},"mobile":{"background-color":"var(--ast-global-color-5)","background-image":"","background-repeat":"repeat","background-position":"center center","background-size":"auto","background-attachment":"scroll","background-type":"","background-media":"","overlay-type":"","overlay-color":"","overlay-opacity":"","overlay-gradient":""}}},"product_brand":[],"product_cat":[173,110],"product_tag":[],"class_list":{"0":"post-18925","1":"product","2":"type-product","3":"status-publish","4":"has-post-thumbnail","6":"product_cat-torebka-wega","7":"product_cat-torby","8":"desktop-align-left","9":"tablet-align-left","10":"mobile-align-left","12":"first","13":"onbackorder","14":"featured","15":"taxable","16":"shipping-taxable","17":"purchasable","18":"product-type-simple"},"jetpack_sharing_enabled":true,"_links":{"self":[{"href":"https:\/\/mooncraft.com.pl\/index.php?rest_route=\/wp\/v2\/product\/18925","targetHints":{"allow":["GET"]}}],"collection":[{"href":"https:\/\/mooncraft.com.pl\/index.php?rest_route=\/wp\/v2\/product"}],"about":[{"href":"https:\/\/mooncraft.com.pl\/index.php?rest_route=\/wp\/v2\/types\/product"}],"wp:featuredmedia":[{"embeddable":true,"href":"https:\/\/mooncraft.com.pl\/index.php?rest_route=\/wp\/v2\/media\/18914"}],"wp:attachment":[{"href":"https:\/\/mooncraft.com.pl\/index.php?rest_route=%2Fwp%2Fv2%2Fmedia&parent=18925"}],"wp:term":[{"taxonomy":"product_brand","embeddable":true,"href":"https:\/\/mooncraft.com.pl\/index.php?rest_route=%2Fwp%2Fv2%2Fproduct_brand&post=18925"},{"taxonomy":"product_cat","embeddable":true,"href":"https:\/\/mooncraft.com.pl\/index.php?rest_route=%2Fwp%2Fv2%2Fproduct_cat&post=18925"},{"taxonomy":"product_tag","embeddable":true,"href":"https:\/\/mooncraft.com.pl\/index.php?rest_route=%2Fwp%2Fv2%2Fproduct_tag&post=18925"}],"curies":[{"name":"wp","href":"https:\/\/api.w.org\/{rel}","templated":true}]}}