{"id":17782,"date":"2024-10-21T16:39:57","date_gmt":"2024-10-21T16:39:57","guid":{"rendered":"https:\/\/mooncraft.com.pl\/?post_type=product&#038;p=17782"},"modified":"2025-12-15T18:22:36","modified_gmt":"2025-12-15T18:22:36","slug":"dogy-trojkaty-wzmacniajace-12cm-1szt","status":"publish","type":"product","link":"https:\/\/mooncraft.com.pl\/?product=dogy-trojkaty-wzmacniajace-12cm-1szt","title":{"rendered":"DOGY &#8211; Tr\u00f3jk\u0105ty wzmacniaj\u0105ce 12cm 1szt"},"content":{"rendered":"<section>\n<section>\n<section>\n<section>\n<section>\n<section id=\"opis-produktu\" class=\"section_product section_product--part_of_bar section_product--first_item_of_bar section_product--v1 section section_product--v1__desc section--padding-top-medium\">\n<div class=\"section_body\">\n<div class=\"productDesc productDesc--full container\">\n<div class=\"productDesc__left grow productDesc__left--no_params\">\n<div class=\"productDesc__desc typography\">\n<p><strong>Sk\u0142ad:<\/strong><\/p>\n<p>Sk\u00f3ra Wo\u0142owa (94%): G\u0142\u00f3wny sk\u0142adnik to soczysta sk\u00f3ra wo\u0142owa, kt\u00f3ra nie tylko uwodzi smakiem, ale\u00a0dostarcza bia\u0142ka i\u00a0energii dla Twojego pupila.<br \/>\nTrymig Wo\u0142owy (1%): Trymig wo\u0142owy to \u017ar\u00f3d\u0142o bia\u0142ka i\u00a0cennych minera\u0142\u00f3w, wspomagaj\u0105c zdrow\u0105 muskulatur\u0119.<br \/>\nDzika R\u00f3\u017ca (1%): Dzika r\u00f3\u017ca dostarcza witaminy C, wzmacniaj\u0105cej uk\u0142ad odporno\u015bciowy i\u00a0piel\u0119gnuj\u0105cej sk\u00f3r\u0119.<br \/>\nSiemi\u0119 Lniane (1%): Siemi\u0119 lniane to \u017ar\u00f3d\u0142o kwas\u00f3w t\u0142uszczowych omega-3, korzystnych dla zdrowej sk\u00f3ry i\u00a0sier\u015bci.<br \/>\nG\u0142\u00f3g Suszony (1%): G\u0142\u00f3g suszony wspomaga zdrowy uk\u0142ad sercowy i\u00a0korzystnie wp\u0142ywa na\u00a0trawienie.<br \/>\nKoncentrat Soku Buraczanego w\u00a0Proszku (1%): Koncentrat soku buraczanego dostarcza cennego \u017celaza i\u00a0popiera zdrowy uk\u0142ad krwiono\u015bny.<br \/>\nZag\u0119szczony Sok z\u00a0Je\u017cyny w\u00a0Proszku (1%): Sok z\u00a0je\u017cyny to \u017ar\u00f3d\u0142o antyoksydant\u00f3w, kt\u00f3re chroni\u0105 organizm psa przed stresem oksydacyjnym.<\/p>\n<p><strong>Korzy\u015bci Dla Psa:<\/strong><\/p>\n<ul>\n<li><strong>Wysoka zawarto\u015b\u0107 bia\u0142ka:<\/strong>Sk\u00f3ra wo\u0142owa i\u00a0trymin wo\u0142owy stanowi\u0105 g\u0142\u00f3wn\u0105 cz\u0119\u015b\u0107 sk\u0142adu, dostarczaj\u0105c psu wysokowarto\u015bciowego bia\u0142ka, co jest kluczowe dla utrzymania silnych mi\u0119\u015bni i\u00a0og\u00f3lnego wzmacniania organizmu.<\/li>\n<li><strong>Bogactwo sk\u0142adnik\u00f3w od\u017cywczych:<\/strong>Dodatki takie jak dzika r\u00f3\u017ca, siemi\u0119 lnu, g\u0142\u00f3g suszony, koncentrat soku buraczanego i\u00a0zag\u0119szczony sok z\u00a0je\u017cyny dostarczaj\u0105 r\u00f3\u017cnorodnych sk\u0142adnik\u00f3w od\u017cywczych, kt\u00f3re mog\u0105 wspomaga\u0107 og\u00f3lne zdrowie psa, w\u00a0tym uk\u0142ad odporno\u015bciowy.<\/li>\n<li><strong>Si\u0142a antyoksydant\u00f3w:<\/strong>Dzika r\u00f3\u017ca, g\u0142\u00f3g suszony, koncentrat soku buraczanego i\u00a0sok z\u00a0je\u017cyny s\u0105 \u017ar\u00f3d\u0142ami antyoksydant\u00f3w, kt\u00f3re pomagaj\u0105 w\u00a0neutralizacji wolnych rodnik\u00f3w, wspieraj\u0105c w\u00a0ten spos\u00f3b zdrowie kom\u00f3rek i\u00a0og\u00f3ln\u0105 odporno\u015b\u0107.<\/li>\n<li><strong>B\u0142onnik dla zdrowia jelit:<\/strong>Siemi\u0119 lnu, b\u0119d\u0105ce \u017ar\u00f3d\u0142em b\u0142onnika, mo\u017ce wspiera\u0107 zdrowie uk\u0142adu pokarmowego, poprawiaj\u0105c trawienie i\u00a0reguluj\u0105c funkcj\u0119 jelit.<\/li>\n<li><strong>Naturalne sk\u0142adniki:<\/strong>Bazowanie na\u00a0sk\u00f3rze wo\u0142owej i\u00a0naturalnych dodatkach podkre\u015bla naturalno\u015b\u0107 i\u00a0potencjalnie \u0142atwe przyswajanie przez organizm psa.<\/li>\n<li><strong>Potencja\u0142 wzmacniaj\u0105cy dla organizmu:<\/strong>Ze wzgl\u0119du na\u00a0kombinacj\u0119 wysokowarto\u015bciowego bia\u0142ka, sk\u0142adnik\u00f3w od\u017cywczych, antyoksydant\u00f3w i\u00a0b\u0142onnika, taki gryzak mo\u017ce potencjalnie wspomaga\u0107 og\u00f3lny stan zdrowia i\u00a0wzmacnia\u0107 organizm psa.<\/li>\n<\/ul>\n<\/div>\n<\/div>\n<\/div>\n<\/div>\n<\/section>\n<\/section>\n<\/section>\n<\/section>\n<\/section>\n<\/section>\n","protected":false},"excerpt":{"rendered":"<p>Tr\u00f3jk\u0105ty wzmacniaj\u0105ce Dogy to wyj\u0105tkowy przysmak, kt\u00f3ry nie tylko zachwyca smakiem, ale\u00a0r\u00f3wnie\u017c tworzy harmoni\u0119 w\u00a0zdrowiu Twojego psa.<\/p>\n","protected":false},"featured_media":17783,"template":"","meta":{"site-sidebar-layout":"default","site-content-layout":"","ast-site-content-layout":"default","site-content-style":"default","site-sidebar-style":"default","ast-global-header-display":"","ast-banner-title-visibility":"","ast-main-header-display":"","ast-hfb-above-header-display":"","ast-hfb-below-header-display":"","ast-hfb-mobile-header-display":"","site-post-title":"","ast-breadcrumbs-content":"","ast-featured-img":"","footer-sml-layout":"","ast-disable-related-posts":"","theme-transparent-header-meta":"default","adv-header-id-meta":"","stick-header-meta":"","header-above-stick-meta":"","header-main-stick-meta":"","header-below-stick-meta":"","astra-migrate-meta-layouts":"set","ast-page-background-enabled":"default","ast-page-background-meta":{"desktop":{"background-color":"","background-image":"","background-repeat":"repeat","background-position":"center center","background-size":"auto","background-attachment":"scroll","background-type":"","background-media":"","overlay-type":"","overlay-color":"","overlay-opacity":"","overlay-gradient":""},"tablet":{"background-color":"","background-image":"","background-repeat":"repeat","background-position":"center center","background-size":"auto","background-attachment":"scroll","background-type":"","background-media":"","overlay-type":"","overlay-color":"","overlay-opacity":"","overlay-gradient":""},"mobile":{"background-color":"","background-image":"","background-repeat":"repeat","background-position":"center center","background-size":"auto","background-attachment":"scroll","background-type":"","background-media":"","overlay-type":"","overlay-color":"","overlay-opacity":"","overlay-gradient":""}},"ast-content-background-meta":{"desktop":{"background-color":"var(--ast-global-color-5)","background-image":"","background-repeat":"repeat","background-position":"center center","background-size":"auto","background-attachment":"scroll","background-type":"","background-media":"","overlay-type":"","overlay-color":"","overlay-opacity":"","overlay-gradient":""},"tablet":{"background-color":"var(--ast-global-color-5)","background-image":"","background-repeat":"repeat","background-position":"center center","background-size":"auto","background-attachment":"scroll","background-type":"","background-media":"","overlay-type":"","overlay-color":"","overlay-opacity":"","overlay-gradient":""},"mobile":{"background-color":"var(--ast-global-color-5)","background-image":"","background-repeat":"repeat","background-position":"center center","background-size":"auto","background-attachment":"scroll","background-type":"","background-media":"","overlay-type":"","overlay-color":"","overlay-opacity":"","overlay-gradient":""}}},"product_brand":[],"product_cat":[85,159,169],"product_tag":[],"class_list":{"0":"post-17782","1":"product","2":"type-product","3":"status-publish","4":"has-post-thumbnail","6":"product_cat-dlapsa","7":"product_cat-smakolyki","8":"product_cat-gryzaki","9":"desktop-align-left","10":"tablet-align-left","11":"mobile-align-left","13":"first","14":"instock","15":"taxable","16":"shipping-taxable","17":"purchasable","18":"product-type-simple"},"jetpack_sharing_enabled":true,"_links":{"self":[{"href":"https:\/\/mooncraft.com.pl\/index.php?rest_route=\/wp\/v2\/product\/17782","targetHints":{"allow":["GET"]}}],"collection":[{"href":"https:\/\/mooncraft.com.pl\/index.php?rest_route=\/wp\/v2\/product"}],"about":[{"href":"https:\/\/mooncraft.com.pl\/index.php?rest_route=\/wp\/v2\/types\/product"}],"wp:featuredmedia":[{"embeddable":true,"href":"https:\/\/mooncraft.com.pl\/index.php?rest_route=\/wp\/v2\/media\/17783"}],"wp:attachment":[{"href":"https:\/\/mooncraft.com.pl\/index.php?rest_route=%2Fwp%2Fv2%2Fmedia&parent=17782"}],"wp:term":[{"taxonomy":"product_brand","embeddable":true,"href":"https:\/\/mooncraft.com.pl\/index.php?rest_route=%2Fwp%2Fv2%2Fproduct_brand&post=17782"},{"taxonomy":"product_cat","embeddable":true,"href":"https:\/\/mooncraft.com.pl\/index.php?rest_route=%2Fwp%2Fv2%2Fproduct_cat&post=17782"},{"taxonomy":"product_tag","embeddable":true,"href":"https:\/\/mooncraft.com.pl\/index.php?rest_route=%2Fwp%2Fv2%2Fproduct_tag&post=17782"}],"curies":[{"name":"wp","href":"https:\/\/api.w.org\/{rel}","templated":true}]}}