{"id":17510,"date":"2024-09-16T16:59:50","date_gmt":"2024-09-16T16:59:50","guid":{"rendered":"https:\/\/mooncraft.com.pl\/?post_type=product&#038;p=17510"},"modified":"2026-01-03T13:39:02","modified_gmt":"2026-01-03T13:39:02","slug":"dogy-hypo-hot-dog-z-koniny-13cm","status":"publish","type":"product","link":"https:\/\/mooncraft.com.pl\/?product=dogy-hypo-hot-dog-z-koniny-13cm","title":{"rendered":"DOGY HYPO &#8211; Hot-Dog z Koniny 13cm"},"content":{"rendered":"<h6><strong>Sk\u0142ad:<\/strong><\/h6>\n<p>100% sk\u00f3ra ko\u0144ska<\/p>\n<p>Bez konserwant\u00f3w, barwnik\u00f3w i\u00a0sztucznych dodatk\u00f3w<\/p>\n<h6><strong>Zalety gryzak\u00f3w HYPO:<\/strong><\/h6>\n<p><strong>Hypoalergiczny sk\u0142ad<\/strong>\u00a0\u2013 Gryzaki s\u0105 idealne dla ps\u00f3w z\u00a0alergiami pokarmowymi, gdy\u017c\u00a0nie zawieraj\u0105 \u017cadnych potencjalnie dra\u017cni\u0105cych sk\u0142adnik\u00f3w.<\/p>\n<p><strong>Unikalna konstrukcja &#8222;Hot-Doga&#8221;<\/strong>\u00a0\u2013 Pies musi najpierw prze\u017cuwa\u0107 tward\u0105 sk\u00f3r\u0119, co zapewnia d\u0142u\u017csz\u0105 zabaw\u0119 i\u00a0anga\u017cuje psa na\u00a0d\u0142u\u017cej.<\/p>\n<p><strong>100% naturalna sk\u00f3ra ko\u0144ska\u00a0<\/strong>\u2013 Bezpieczny i\u00a0zdrowy sk\u0142adnik o\u00a0najwy\u017cszej jako\u015bci, bez \u017cadnych chemicznych dodatk\u00f3w, co sprawia, \u017ce\u00a0produkt jest odpowiedni dla najbardziej wymagaj\u0105cych ps\u00f3w i\u00a0ich opiekun\u00f3w.<\/p>\n<p><strong>Wsparcie higieny jamy ustnej<\/strong>\u00a0\u2013 Regularne \u017cucie gryzak\u00f3w wspomaga usuwa\u0107 osad i\u00a0zapobiega powstawaniu kamienia naz\u0119bnego.<\/p>\n<p><strong>Zaspokajanie naturalnych instynkt\u00f3w\u00a0<\/strong>\u2013 Psy maj\u0105 naturaln\u0105 potrzeb\u0119 gryzienia i\u00a0\u017cucia, a\u00a0gryzaki HYPO doskonale zaspokajaj\u0105 te potrzeby, pomagaj\u0105c psom si\u0119 zrelaksowa\u0107 i\u00a0wyciszy\u0107 po intensywnych aktywno\u015bciach.<\/p>\n<p><strong>Bezpieczne dla uk\u0142adu pokarmowego\u00a0<\/strong>\u2013 Dzi\u0119ki naturalnemu sk\u0142adowi, gryzaki s\u0105 lekkostrawne, co czyni je idealnym wyborem dla ps\u00f3w z\u00a0wra\u017cliwymi \u017co\u0142\u0105dkami.<\/p>\n<p><strong>Doskona\u0142a nagroda i\u00a0wsparcie w\u00a0sytuacjach stresowych<\/strong>\u00a0\u2013 Idealne jako nagroda po trudnych do\u015bwiadczeniach, takich jak wizyta u weterynarza, czy\u00a0spos\u00f3b na\u00a0wyciszenie po spacerze.<\/p>\n<h6><strong>Dost\u0119pne rozmiary:<\/strong><\/h6>\n<p>13 cm \u2013 odpowiedni dla mniejszych i \u015brednich ps\u00f3w.<\/p>\n<h6><strong>Dla kogo?<\/strong><\/h6>\n<p>Gryzaki HYPO to idealne rozwi\u0105zanie dla opiekun\u00f3w, kt\u00f3rzy szukaj\u0105 zdrowych i\u00a0bezpiecznych przysmak\u00f3w dla swoich ps\u00f3w. Produkt zosta\u0142 stworzony z\u00a0my\u015bl\u0105 o\u00a0psach o\u00a0wra\u017cliwym uk\u0142adzie pokarmowym, alergikach, a\u00a0tak\u017ce o\u00a0opiekunach, kt\u00f3rzy ceni\u0105 sobie najwy\u017csz\u0105 jako\u015b\u0107 sk\u0142adnik\u00f3w w\u00a0codziennej diecie swojego pupila.<\/p>\n<p>Linia HYPO to przysmaki, kt\u00f3re \u0142\u0105cz\u0105 najwy\u017csz\u0105 jako\u015b\u0107 i\u00a0bezpiecze\u0144stwo z\u00a0pe\u0142nym wsparciem zdrowia i\u00a0dobrego samopoczucia psa.<\/p>\n","protected":false},"excerpt":{"rendered":"<h6><strong>Hot dog z\u00a0Koniny z\u00a0linii HYPO<\/strong>\u00a0to wyj\u0105tkowy, w\u00a0pe\u0142ni naturalny przysmak dla ps\u00f3w, sk\u0142adaj\u0105cy si\u0119 w\u00a0100% ze sk\u00f3ry koniny.<\/h6>\n<p>Gryzak ten to po\u0142\u0105czenie sk\u00f3ry koniny zmielonej i\u00a0ukszta\u0142towanej w\u00a0charakterystycznego &#8222;palucha&#8221; oraz\u00a0sk\u00f3r\u0105 r\u00f3wnie\u017c ko\u0144sk\u0105, kt\u00f3ra owija ca\u0142o\u015b\u0107, co nadaje mu charakterystyczny kszta\u0142t przypominaj\u0105cy Hot-Doga.<\/p>\n<p>Aby zje\u015b\u0107 palucha z\u00a0koniny, pies najpierw musi poradzi\u0107 sobie ze sk\u00f3r\u0105, kt\u00f3r\u0105 musi d\u0142ugo \u017cu\u0107. Sk\u00f3ra z\u00a0czasem zmi\u0119knie pod wp\u0142ywem \u015bliny, co umo\u017cliwia psu stopniowe chrupanie i\u00a0spo\u017cycie ca\u0142ego przysmaku.\u00a0<strong>Jest to gryzak zaprojektowany na\u00a0d\u0142u\u017csze gryzienie, kt\u00f3ry doskonale zajmie psa na\u00a0d\u0142u\u017cej.<\/strong><\/p>\n","protected":false},"featured_media":17508,"template":"","meta":{"site-sidebar-layout":"default","site-content-layout":"","ast-site-content-layout":"default","site-content-style":"default","site-sidebar-style":"default","ast-global-header-display":"","ast-banner-title-visibility":"","ast-main-header-display":"","ast-hfb-above-header-display":"","ast-hfb-below-header-display":"","ast-hfb-mobile-header-display":"","site-post-title":"","ast-breadcrumbs-content":"","ast-featured-img":"","footer-sml-layout":"","ast-disable-related-posts":"","theme-transparent-header-meta":"default","adv-header-id-meta":"","stick-header-meta":"","header-above-stick-meta":"","header-main-stick-meta":"","header-below-stick-meta":"","astra-migrate-meta-layouts":"set","ast-page-background-enabled":"default","ast-page-background-meta":{"desktop":{"background-color":"","background-image":"","background-repeat":"repeat","background-position":"center center","background-size":"auto","background-attachment":"scroll","background-type":"","background-media":"","overlay-type":"","overlay-color":"","overlay-opacity":"","overlay-gradient":""},"tablet":{"background-color":"","background-image":"","background-repeat":"repeat","background-position":"center center","background-size":"auto","background-attachment":"scroll","background-type":"","background-media":"","overlay-type":"","overlay-color":"","overlay-opacity":"","overlay-gradient":""},"mobile":{"background-color":"","background-image":"","background-repeat":"repeat","background-position":"center center","background-size":"auto","background-attachment":"scroll","background-type":"","background-media":"","overlay-type":"","overlay-color":"","overlay-opacity":"","overlay-gradient":""}},"ast-content-background-meta":{"desktop":{"background-color":"var(--ast-global-color-5)","background-image":"","background-repeat":"repeat","background-position":"center center","background-size":"auto","background-attachment":"scroll","background-type":"","background-media":"","overlay-type":"","overlay-color":"","overlay-opacity":"","overlay-gradient":""},"tablet":{"background-color":"var(--ast-global-color-5)","background-image":"","background-repeat":"repeat","background-position":"center center","background-size":"auto","background-attachment":"scroll","background-type":"","background-media":"","overlay-type":"","overlay-color":"","overlay-opacity":"","overlay-gradient":""},"mobile":{"background-color":"var(--ast-global-color-5)","background-image":"","background-repeat":"repeat","background-position":"center center","background-size":"auto","background-attachment":"scroll","background-type":"","background-media":"","overlay-type":"","overlay-color":"","overlay-opacity":"","overlay-gradient":""}}},"product_brand":[],"product_cat":[85,159,169],"product_tag":[],"class_list":{"0":"post-17510","1":"product","2":"type-product","3":"status-publish","4":"has-post-thumbnail","6":"product_cat-dlapsa","7":"product_cat-smakolyki","8":"product_cat-gryzaki","9":"desktop-align-left","10":"tablet-align-left","11":"mobile-align-left","13":"first","14":"instock","15":"taxable","16":"shipping-taxable","17":"purchasable","18":"product-type-simple"},"jetpack_sharing_enabled":true,"_links":{"self":[{"href":"https:\/\/mooncraft.com.pl\/index.php?rest_route=\/wp\/v2\/product\/17510","targetHints":{"allow":["GET"]}}],"collection":[{"href":"https:\/\/mooncraft.com.pl\/index.php?rest_route=\/wp\/v2\/product"}],"about":[{"href":"https:\/\/mooncraft.com.pl\/index.php?rest_route=\/wp\/v2\/types\/product"}],"wp:featuredmedia":[{"embeddable":true,"href":"https:\/\/mooncraft.com.pl\/index.php?rest_route=\/wp\/v2\/media\/17508"}],"wp:attachment":[{"href":"https:\/\/mooncraft.com.pl\/index.php?rest_route=%2Fwp%2Fv2%2Fmedia&parent=17510"}],"wp:term":[{"taxonomy":"product_brand","embeddable":true,"href":"https:\/\/mooncraft.com.pl\/index.php?rest_route=%2Fwp%2Fv2%2Fproduct_brand&post=17510"},{"taxonomy":"product_cat","embeddable":true,"href":"https:\/\/mooncraft.com.pl\/index.php?rest_route=%2Fwp%2Fv2%2Fproduct_cat&post=17510"},{"taxonomy":"product_tag","embeddable":true,"href":"https:\/\/mooncraft.com.pl\/index.php?rest_route=%2Fwp%2Fv2%2Fproduct_tag&post=17510"}],"curies":[{"name":"wp","href":"https:\/\/api.w.org\/{rel}","templated":true}]}}