{"id":16570,"date":"2024-06-05T18:10:23","date_gmt":"2024-06-05T18:10:23","guid":{"rendered":"https:\/\/mooncraft.com.pl\/?post_type=product&#038;p=16570"},"modified":"2025-04-16T04:54:58","modified_gmt":"2025-04-16T04:54:58","slug":"lovidog-pasta-losos-90g","status":"publish","type":"product","link":"https:\/\/mooncraft.com.pl\/?product=lovidog-pasta-losos-90g","title":{"rendered":"LOVIDOG &#8211; Pasta \u0141OSO\u015a 90g"},"content":{"rendered":"<section>\n<section>\n<section>\n<section>\n<section>\n<section id=\"opis-produktu\" class=\"section_product section_product--part_of_bar section_product--first_item_of_bar section_product--v1 section section_product--v1__desc section--padding-top-medium\">\n<div class=\"section_body\">\n<div class=\"productDesc productDesc--full container\">\n<div class=\"productDesc__left grow productDesc__left--no_params\">\n<div class=\"productDesc__desc typography\">\n<p>Idealne Rozwi\u0105zanie w podr\u00f3\u017cy czy na spacerze, \u0142atwe w nagradzaniu i ch\u0119tnie wybierane przez psiaki.<\/p>\n<p>Ciekawy dodatek do wszelkich lickimat<\/p>\n<p>Nie jest bardzo lej\u0105cy dzi\u0119ki czemu \u0142atwiej zapanowa\u0107 nad podawaniem psiakowi prosto z tubki<\/p>\n<p>&nbsp;<\/p>\n<p>Jako karma uzupe\u0142niaj\u0105ca dla ps\u00f3w<\/p>\n<p>Wspania\u0142y jako nagroda dla treningu<\/p>\n<p>Czysto i bezzapachowo podczas podr\u00f3\u017cy w samochodzie<\/p>\n<p>Wspania\u0142y dodatek do suchej karmy<\/p>\n<p>\u0141atwo\u015b\u0107 \u201cukrycia\u201d przy podawaniu lekarstw<\/p>\n<p>Nie jest zalecane spo\u017cycie wi\u0119cej ni\u017c 1 tubki dziennie.<\/p>\n<p>&nbsp;<\/p>\n<p><b class=\"mb0\">Sk\u0142adniki:<\/b>\u00a0mi\u0119so i produkty pochodzenia zwierz\u0119cego 92 % (w tym \u0142oso\u015b min. 20%), m\u0105ka grochowa, olej rybi, b\u0142onnik marchwiowy, wapienne muszle morskie. Dodatki (na kg)<\/p>\n<p><strong>Sk\u0142adniki analityczne:<\/strong><\/p>\n<p>T\u0142uszcz: 7,2%<\/p>\n<p>Bia\u0142ko: 19%<\/p>\n<p>Wilgotno\u015b\u0107: 73,8%<\/p>\n<\/div>\n<p>witamina A 450000 j.m.; witamina D3 37500 j.m.; witamina E 5500 mg: witamina K 360 mg: witamina B1 150 mg; witamina B2 200 mg; kwas pantotenowy 400 mg; witamina B6 225 mg; witamina B12 1800 mcg; biotyna 12000 mcg; chlorek choliny 45000 mg; kwas foliowy 25 mg; niacyna 750 mg; \u017celazo 1500 mg; mangan 230 mg; mied\u017a 280 mg; cynk 3500 mg; jod 40 mg; selen 10 mcg.<\/p>\n<\/div>\n<\/div>\n<\/div>\n<\/section>\n<\/section>\n<\/section>\n<\/section>\n<\/section>\n<\/section>\n","protected":false},"excerpt":{"rendered":"<p>Premium Snack mi\u0119sny z \u0142ososiem. Kremowy z witaminami i omega 3<\/p>\n","protected":false},"featured_media":16574,"template":"","meta":{"site-sidebar-layout":"default","site-content-layout":"","ast-site-content-layout":"default","site-content-style":"default","site-sidebar-style":"default","ast-global-header-display":"","ast-banner-title-visibility":"","ast-main-header-display":"","ast-hfb-above-header-display":"","ast-hfb-below-header-display":"","ast-hfb-mobile-header-display":"","site-post-title":"","ast-breadcrumbs-content":"","ast-featured-img":"","footer-sml-layout":"","ast-disable-related-posts":"","theme-transparent-header-meta":"default","adv-header-id-meta":"","stick-header-meta":"","header-above-stick-meta":"","header-main-stick-meta":"","header-below-stick-meta":"","astra-migrate-meta-layouts":"set","ast-page-background-enabled":"default","ast-page-background-meta":{"desktop":{"background-color":"","background-image":"","background-repeat":"repeat","background-position":"center center","background-size":"auto","background-attachment":"scroll","background-type":"","background-media":"","overlay-type":"","overlay-color":"","overlay-opacity":"","overlay-gradient":""},"tablet":{"background-color":"","background-image":"","background-repeat":"repeat","background-position":"center center","background-size":"auto","background-attachment":"scroll","background-type":"","background-media":"","overlay-type":"","overlay-color":"","overlay-opacity":"","overlay-gradient":""},"mobile":{"background-color":"","background-image":"","background-repeat":"repeat","background-position":"center center","background-size":"auto","background-attachment":"scroll","background-type":"","background-media":"","overlay-type":"","overlay-color":"","overlay-opacity":"","overlay-gradient":""}},"ast-content-background-meta":{"desktop":{"background-color":"var(--ast-global-color-5)","background-image":"","background-repeat":"repeat","background-position":"center center","background-size":"auto","background-attachment":"scroll","background-type":"","background-media":"","overlay-type":"","overlay-color":"","overlay-opacity":"","overlay-gradient":""},"tablet":{"background-color":"var(--ast-global-color-5)","background-image":"","background-repeat":"repeat","background-position":"center center","background-size":"auto","background-attachment":"scroll","background-type":"","background-media":"","overlay-type":"","overlay-color":"","overlay-opacity":"","overlay-gradient":""},"mobile":{"background-color":"var(--ast-global-color-5)","background-image":"","background-repeat":"repeat","background-position":"center center","background-size":"auto","background-attachment":"scroll","background-type":"","background-media":"","overlay-type":"","overlay-color":"","overlay-opacity":"","overlay-gradient":""}}},"product_brand":[],"product_cat":[85,159,170],"product_tag":[],"class_list":{"0":"post-16570","1":"product","2":"type-product","3":"status-publish","4":"has-post-thumbnail","6":"product_cat-dlapsa","7":"product_cat-smakolyki","8":"product_cat-przysmaki","9":"desktop-align-left","10":"tablet-align-left","11":"mobile-align-left","13":"first","14":"instock","15":"taxable","16":"shipping-taxable","17":"purchasable","18":"product-type-simple"},"jetpack_sharing_enabled":true,"_links":{"self":[{"href":"https:\/\/mooncraft.com.pl\/index.php?rest_route=\/wp\/v2\/product\/16570","targetHints":{"allow":["GET"]}}],"collection":[{"href":"https:\/\/mooncraft.com.pl\/index.php?rest_route=\/wp\/v2\/product"}],"about":[{"href":"https:\/\/mooncraft.com.pl\/index.php?rest_route=\/wp\/v2\/types\/product"}],"wp:featuredmedia":[{"embeddable":true,"href":"https:\/\/mooncraft.com.pl\/index.php?rest_route=\/wp\/v2\/media\/16574"}],"wp:attachment":[{"href":"https:\/\/mooncraft.com.pl\/index.php?rest_route=%2Fwp%2Fv2%2Fmedia&parent=16570"}],"wp:term":[{"taxonomy":"product_brand","embeddable":true,"href":"https:\/\/mooncraft.com.pl\/index.php?rest_route=%2Fwp%2Fv2%2Fproduct_brand&post=16570"},{"taxonomy":"product_cat","embeddable":true,"href":"https:\/\/mooncraft.com.pl\/index.php?rest_route=%2Fwp%2Fv2%2Fproduct_cat&post=16570"},{"taxonomy":"product_tag","embeddable":true,"href":"https:\/\/mooncraft.com.pl\/index.php?rest_route=%2Fwp%2Fv2%2Fproduct_tag&post=16570"}],"curies":[{"name":"wp","href":"https:\/\/api.w.org\/{rel}","templated":true}]}}