{"id":14730,"date":"2024-02-05T17:52:37","date_gmt":"2024-02-05T17:52:37","guid":{"rendered":"https:\/\/mooncraft.com.pl\/?post_type=product&#038;p=14730"},"modified":"2025-04-15T19:49:14","modified_gmt":"2025-04-15T19:49:14","slug":"wosk-sojowy-101-buldogow-psia-lapka","status":"publish","type":"product","link":"https:\/\/mooncraft.com.pl\/?product=wosk-sojowy-101-buldogow-psia-lapka","title":{"rendered":"Wosk Sojowy 101 Buldog\u00f3w &#8222;Psia \u0141apka&#8221;"},"content":{"rendered":"<p>3 sztuki ma\u0142ych \u0142apek, w sumie ok 25g, rozmiar ok 3 cm ka\u017cda<\/p>\n<p>SK\u0141ADNIKI:<\/p>\n<p>Top: nuty mleczne<br \/>\nSerce: popcorn, toffi<br \/>\nBaza: bezwarunkowa psia mi\u0142o\u015b\u0107<\/p>\n<p>&nbsp;<\/p>\n<p>SOJOWY WOSK<\/p>\n<p>UROCZT KSZTA\u0141T<\/p>\n<p>Umie\u015b\u0107 wosk w kominku i ciesz si\u0119 pi\u0119knym zapachem<\/p>\n<p>&nbsp;<\/p>\n<p>Stworzone r\u0119kami i \u0142apkami marki 101 Buldog\u00f3w &lt;3<\/p>\n","protected":false},"excerpt":{"rendered":"<p>CO\u015a NOWEGO ! Wosk do kominka zapachowego<\/p>\n<p>&nbsp;<\/p>\n<p>Kto nie marzy o zapachu s\u0142odkich psich \u0142apek w mieszkaniu?<\/p>\n<p>Super pomys\u0142 na upominek dla kogo\u015b lub dla siebie<\/p>\n<p>Mieszanka tofii i popcornu idealnie oddaje ten aromat &lt;3<\/p>\n<p>&nbsp;<\/p>\n","protected":false},"featured_media":14731,"template":"","meta":{"site-sidebar-layout":"default","site-content-layout":"default","ast-site-content-layout":"default","site-content-style":"default","site-sidebar-style":"default","ast-global-header-display":"","ast-banner-title-visibility":"","ast-main-header-display":"","ast-hfb-above-header-display":"","ast-hfb-below-header-display":"","ast-hfb-mobile-header-display":"","site-post-title":"","ast-breadcrumbs-content":"","ast-featured-img":"","footer-sml-layout":"","ast-disable-related-posts":"","theme-transparent-header-meta":"default","adv-header-id-meta":"","stick-header-meta":"","header-above-stick-meta":"","header-main-stick-meta":"","header-below-stick-meta":"","astra-migrate-meta-layouts":"set","ast-page-background-enabled":"default","ast-page-background-meta":{"desktop":{"background-color":"","background-image":"","background-repeat":"repeat","background-position":"center center","background-size":"auto","background-attachment":"scroll","background-type":"","background-media":"","overlay-type":"","overlay-color":"","overlay-opacity":"","overlay-gradient":""},"tablet":{"background-color":"","background-image":"","background-repeat":"repeat","background-position":"center center","background-size":"auto","background-attachment":"scroll","background-type":"","background-media":"","overlay-type":"","overlay-color":"","overlay-opacity":"","overlay-gradient":""},"mobile":{"background-color":"","background-image":"","background-repeat":"repeat","background-position":"center center","background-size":"auto","background-attachment":"scroll","background-type":"","background-media":"","overlay-type":"","overlay-color":"","overlay-opacity":"","overlay-gradient":""}},"ast-content-background-meta":{"desktop":{"background-color":"var(--ast-global-color-5)","background-image":"","background-repeat":"repeat","background-position":"center center","background-size":"auto","background-attachment":"scroll","background-type":"","background-media":"","overlay-type":"","overlay-color":"","overlay-opacity":"","overlay-gradient":""},"tablet":{"background-color":"var(--ast-global-color-5)","background-image":"","background-repeat":"repeat","background-position":"center center","background-size":"auto","background-attachment":"scroll","background-type":"","background-media":"","overlay-type":"","overlay-color":"","overlay-opacity":"","overlay-gradient":""},"mobile":{"background-color":"var(--ast-global-color-5)","background-image":"","background-repeat":"repeat","background-position":"center center","background-size":"auto","background-attachment":"scroll","background-type":"","background-media":"","overlay-type":"","overlay-color":"","overlay-opacity":"","overlay-gradient":""}}},"product_brand":[],"product_cat":[82,158,129],"product_tag":[],"class_list":{"0":"post-14730","1":"product","2":"type-product","3":"status-publish","4":"has-post-thumbnail","6":"product_cat-dlaciebie","7":"product_cat-dostepne-od-reki","8":"product_cat-swiece-sojowe","9":"desktop-align-left","10":"tablet-align-left","11":"mobile-align-left","13":"first","14":"instock","15":"taxable","16":"shipping-taxable","17":"purchasable","18":"product-type-simple"},"jetpack_sharing_enabled":true,"_links":{"self":[{"href":"https:\/\/mooncraft.com.pl\/index.php?rest_route=\/wp\/v2\/product\/14730","targetHints":{"allow":["GET"]}}],"collection":[{"href":"https:\/\/mooncraft.com.pl\/index.php?rest_route=\/wp\/v2\/product"}],"about":[{"href":"https:\/\/mooncraft.com.pl\/index.php?rest_route=\/wp\/v2\/types\/product"}],"wp:featuredmedia":[{"embeddable":true,"href":"https:\/\/mooncraft.com.pl\/index.php?rest_route=\/wp\/v2\/media\/14731"}],"wp:attachment":[{"href":"https:\/\/mooncraft.com.pl\/index.php?rest_route=%2Fwp%2Fv2%2Fmedia&parent=14730"}],"wp:term":[{"taxonomy":"product_brand","embeddable":true,"href":"https:\/\/mooncraft.com.pl\/index.php?rest_route=%2Fwp%2Fv2%2Fproduct_brand&post=14730"},{"taxonomy":"product_cat","embeddable":true,"href":"https:\/\/mooncraft.com.pl\/index.php?rest_route=%2Fwp%2Fv2%2Fproduct_cat&post=14730"},{"taxonomy":"product_tag","embeddable":true,"href":"https:\/\/mooncraft.com.pl\/index.php?rest_route=%2Fwp%2Fv2%2Fproduct_tag&post=14730"}],"curies":[{"name":"wp","href":"https:\/\/api.w.org\/{rel}","templated":true}]}}