{"id":14571,"date":"2024-01-21T15:19:19","date_gmt":"2024-01-21T15:19:19","guid":{"rendered":"https:\/\/mooncraft.com.pl\/?post_type=product&#038;p=14571"},"modified":"2024-02-01T19:48:47","modified_gmt":"2024-02-01T19:48:47","slug":"plecak-milky-way-wzor-krwawy-ksiezyc","status":"publish","type":"product","link":"https:\/\/mooncraft.com.pl\/?product=plecak-milky-way-wzor-krwawy-ksiezyc","title":{"rendered":"Plecak Milky Way &#8211; wz\u00f3r Krwawy Ksi\u0119\u017cyc"},"content":{"rendered":"<div class=\"cxmmr5t8 oygrvhab hcukyx3x c1et5uql o9v6fnle ii04i59q\">\n<div dir=\"auto\">\n<div dir=\"auto\">Wymiary :<\/div>\n<div dir=\"auto\">szeroko\u015b\u0107 20 cm<\/div>\n<div dir=\"auto\">wysoko\u015b\u0107 27 cm<\/div>\n<div dir=\"auto\">g\u0142\u0119boko\u015b\u0107 11,5 cm<\/div>\n<\/div>\n<div dir=\"auto\"><\/div>\n<div dir=\"auto\">Dwie Kieszenie na zewn\u0105trz (z przodu mniejsza na zamek i od g\u00f3ry g\u0142\u00f3wna na zamek)<\/div>\n<div dir=\"auto\">W g\u0142\u00f3wnej komorze plecaka dodatkowa otwarta kiesze\u0144 wsuwana i ma\u0142a kieszonka na zamek.<\/div>\n<div dir=\"auto\"><\/div>\n<div dir=\"auto\">Sznurki przy suwad\u0142ach pod kolor ta\u015bmy dodaj\u0105 uroku i wygody przy otwieraniu plecaka.<\/div>\n<div dir=\"auto\"><\/div>\n<div dir=\"auto\">Ca\u0142o\u015b\u0107 usztywniona, z materia\u0142\u00f3w wodoodpornych.<\/div>\n<div dir=\"auto\">Plecy maj\u0105 wszyt\u0105 g\u0105bk\u0119 dla wi\u0119kszego komfortu noszenia<\/div>\n<div dir=\"auto\">Paski regulowany bawe\u0142niany, mi\u0142y w dotyku<\/div>\n<\/div>\n<div dir=\"auto\">Z g\u00f3ry r\u0105czki aby wygodnie trzyma\u0107 plecak w d\u0142oni &#8211; r\u0105czki maj\u0105 ma\u0142y pasek na nap\u0119 do z\u0142apania obu razem &#8211; dzi\u0119ki temu estetycznie trzymaj\u0105 si\u0119 w g\u00f3rze plecaka<\/div>\n<div class=\"text_exposed_show\">\n<p>materia\u0142 zewn\u0119trzny cz\u0119\u015bciowo jednokolorowy &#8211; kodura wino<\/p>\n<p>kiesze\u0144 wzorzysta na zewn\u0105trz i podszewka z materia\u0142u wodoodpornego<\/p>\n<p>&nbsp;<\/p>\n<p>Je\u015bli marzy Ci si\u0119 taki model tego plecaka, ale w innym wzorze ni\u017c zaproponowane na stronie napisz priv, skomponujemy razem co\u015b pi\u0119knego z wzor\u00f3w dost\u0119pnych we wzorniku \ud83d\ude42<\/p>\n<\/div>\n","protected":false},"excerpt":{"rendered":"<div dir=\"auto\">\n<h3 dir=\"auto\"><span style=\"font-size: 16px;\">Plecak niewielkich rozmiar\u00f3w, idealny na wycieczki i wypad na miasto<\/span><\/h3>\n<p>&nbsp;<\/p>\n<div dir=\"auto\">METKA BR\u0104ZOWA<\/div>\n<div dir=\"auto\"><\/div>\n<\/div>\n<p class=\"ni8dbmo4 stjgntxs nred35xi ii04i59q\" aria-owns=\"jsc_c_5f\" data-testid=\"messenger_incoming_text_row\">Produkt dost\u0119pny w magazynie: wysy\u0142ka 1-3dni roboczych od zaksi\u0119gowania wp\u0142aty.<br \/>\nProdukt na zam\u00f3wienie: wysy\u0142ka do 14 dni roboczych od zaksi\u0119gowania wp\u0142aty.<\/p>\n<p>uwaga: jest to r\u0119kodzie\u0142o &#8211; u\u0142o\u017cenie wzoru na zam\u00f3wionym plecaku mo\u017ce r\u00f3\u017cni\u0107 si\u0119 od zdj\u0119cia. Ale bez obaw ! Staramy si\u0119 aby ka\u017cdy uszyty model wygl\u0105da\u0142 pi\u0119knie \ud83d\ude42<\/p>\n","protected":false},"featured_media":14498,"template":"","meta":{"site-sidebar-layout":"default","site-content-layout":"default","ast-site-content-layout":"default","site-content-style":"default","site-sidebar-style":"default","ast-global-header-display":"","ast-banner-title-visibility":"","ast-main-header-display":"","ast-hfb-above-header-display":"","ast-hfb-below-header-display":"","ast-hfb-mobile-header-display":"","site-post-title":"","ast-breadcrumbs-content":"","ast-featured-img":"","footer-sml-layout":"","ast-disable-related-posts":"","theme-transparent-header-meta":"default","adv-header-id-meta":"","stick-header-meta":"","header-above-stick-meta":"","header-main-stick-meta":"","header-below-stick-meta":"","astra-migrate-meta-layouts":"set","ast-page-background-enabled":"default","ast-page-background-meta":{"desktop":{"background-color":"","background-image":"","background-repeat":"repeat","background-position":"center center","background-size":"auto","background-attachment":"scroll","background-type":"","background-media":"","overlay-type":"","overlay-color":"","overlay-opacity":"","overlay-gradient":""},"tablet":{"background-color":"","background-image":"","background-repeat":"repeat","background-position":"center center","background-size":"auto","background-attachment":"scroll","background-type":"","background-media":"","overlay-type":"","overlay-color":"","overlay-opacity":"","overlay-gradient":""},"mobile":{"background-color":"","background-image":"","background-repeat":"repeat","background-position":"center center","background-size":"auto","background-attachment":"scroll","background-type":"","background-media":"","overlay-type":"","overlay-color":"","overlay-opacity":"","overlay-gradient":""}},"ast-content-background-meta":{"desktop":{"background-color":"var(--ast-global-color-5)","background-image":"","background-repeat":"repeat","background-position":"center center","background-size":"auto","background-attachment":"scroll","background-type":"","background-media":"","overlay-type":"","overlay-color":"","overlay-opacity":"","overlay-gradient":""},"tablet":{"background-color":"var(--ast-global-color-5)","background-image":"","background-repeat":"repeat","background-position":"center center","background-size":"auto","background-attachment":"scroll","background-type":"","background-media":"","overlay-type":"","overlay-color":"","overlay-opacity":"","overlay-gradient":""},"mobile":{"background-color":"var(--ast-global-color-5)","background-image":"","background-repeat":"repeat","background-position":"center center","background-size":"auto","background-attachment":"scroll","background-type":"","background-media":"","overlay-type":"","overlay-color":"","overlay-opacity":"","overlay-gradient":""}}},"product_brand":[],"product_cat":[82,107,142],"product_tag":[],"class_list":{"0":"post-14571","1":"product","2":"type-product","3":"status-publish","4":"has-post-thumbnail","6":"product_cat-dlaciebie","7":"product_cat-plecaki","8":"product_cat-plecak-milky-way","9":"desktop-align-left","10":"tablet-align-left","11":"mobile-align-left","13":"first","14":"onbackorder","15":"featured","16":"taxable","17":"shipping-taxable","18":"purchasable","19":"product-type-simple"},"jetpack_sharing_enabled":true,"_links":{"self":[{"href":"https:\/\/mooncraft.com.pl\/index.php?rest_route=\/wp\/v2\/product\/14571","targetHints":{"allow":["GET"]}}],"collection":[{"href":"https:\/\/mooncraft.com.pl\/index.php?rest_route=\/wp\/v2\/product"}],"about":[{"href":"https:\/\/mooncraft.com.pl\/index.php?rest_route=\/wp\/v2\/types\/product"}],"wp:featuredmedia":[{"embeddable":true,"href":"https:\/\/mooncraft.com.pl\/index.php?rest_route=\/wp\/v2\/media\/14498"}],"wp:attachment":[{"href":"https:\/\/mooncraft.com.pl\/index.php?rest_route=%2Fwp%2Fv2%2Fmedia&parent=14571"}],"wp:term":[{"taxonomy":"product_brand","embeddable":true,"href":"https:\/\/mooncraft.com.pl\/index.php?rest_route=%2Fwp%2Fv2%2Fproduct_brand&post=14571"},{"taxonomy":"product_cat","embeddable":true,"href":"https:\/\/mooncraft.com.pl\/index.php?rest_route=%2Fwp%2Fv2%2Fproduct_cat&post=14571"},{"taxonomy":"product_tag","embeddable":true,"href":"https:\/\/mooncraft.com.pl\/index.php?rest_route=%2Fwp%2Fv2%2Fproduct_tag&post=14571"}],"curies":[{"name":"wp","href":"https:\/\/api.w.org\/{rel}","templated":true}]}}